{"id":981,"date":"2017-06-07T13:16:52","date_gmt":"2017-06-07T16:16:52","guid":{"rendered":"https:\/\/sbia.org.br\/lnlm\/?page_id=981"},"modified":"2017-06-07T13:16:52","modified_gmt":"2017-06-07T16:16:52","slug":"vol14-no2-art2","status":"publish","type":"page","link":"https:\/\/sbia.org.br\/lnlm\/publicacoes\/vol14-no2\/vol14-no2-art2\/","title":{"rendered":"UMA ABORDAGEM PARA A CARACTERIZA\u00c7\u00c3O DO CANCELAMENTO ELETIVO DE CONTRATOS EM PLANOS DE SA\u00daDE PRIVADOS"},"content":{"rendered":"<p><strong>T\u00edtulo:<\/strong> UMA ABORDAGEM PARA A CARACTERIZA\u00c7\u00c3O DO CANCELAMENTO ELETIVO DE CONTRATOS EM PLANOS DE SA\u00daDE PRIVADOS<\/p>\n<p><strong>Autores:<\/strong> Camelo, Jefferson Henrique; Rab\u00ealo, Ricardo de Andrade Lira; Passos, Erick Baptista<\/p>\n<p align=\"justify\"><strong>Resumo:<\/strong> Uma diversidade de fatores influencia na expectativa de vida de uma pessoa, e um fator fundamental \u00e9 o cuidado com a pr\u00f3pria sa\u00fade. Por\u00e9m, o cuidado com a sa\u00fade n\u00e3o possui um baixo custo; empresas privadas, provedoras de planos de sa\u00fade, geralmente, s\u00e3o respons\u00e1veis pelo pagamento das contas de opera\u00e7\u00f5es, interna\u00e7\u00f5es, medicamentos e outros custos hospitalares. O bom funcionamento dessas empresas est\u00e1 diretamente relacionado \u00e0 perman\u00eancia dos segurados no plano de sa\u00fade e, portanto, inversamente relacionado \u00e0 quantidade de cancelamentos desses seguros. O objetivo principal deste trabalho consiste em desenvolver uma abordagem projetada para caracterizar o cancelamento eletivo de contratos em planos de sa\u00fade privados. A abordagem proposta \u00e9 constitu\u00edda de v\u00e1rias etapas, que s\u00e3o organizadas em tr\u00eas fases: Pr\u00e9-Processamento, Minera\u00e7\u00e3o de Dados e Prioriza\u00e7\u00e3o. A fase de Pr\u00e9-Processamento visa garantir uma maior qualidade \u00e0s informa\u00e7\u00f5es extra\u00eddas da base de dados de um plano de sa\u00fade privado real. A fase de Minera\u00e7\u00e3o de Dados explora os dados pr\u00e9-processados, \u00e0 procura de padr\u00f5es, relacionamento entre atributos e tend\u00eancias, com o intuito de descobrir novos conhecimentos. Essa fase de Minera\u00e7\u00e3o de Dados \u00e9 respons\u00e1vel por reconhecer contratos ativos com caracter\u00edsticas de contratos j\u00e1 cancelados, e identificar que tipos de a\u00e7\u00f5es e comportamentos levam os clientes da empresa a cancelarem seus v\u00ednculos. Dessa forma, a gest\u00e3o do plano de sa\u00fade pode interceder de forma proativa no problema, e n\u00e3o apenas de forma reativa. Uma compara\u00e7\u00e3o entre diferentes algoritmos de classifica\u00e7\u00e3o, utilizados para o reconhecimento de contratos com potencial de cancelamento, \u00e9 realizada com o objetivo de definir os paradigmas de aprendizado mais adequados \u00e0 etapa de reconhecimento de contratos. Uma complementa\u00e7\u00e3o \u00e0 fase de Minera\u00e7\u00e3o de Dados \u00e9 a experimenta\u00e7\u00e3o de diferentes t\u00e9cnicas de balanceamento de classes e seu impacto nas m\u00e9tricas de precis\u00e3o e recall dos resultados obtidos. A fase de Prioriza\u00e7\u00e3o de Contratos objetiva priorizar os contratos, com caracter\u00edsticas de contrato cancelado, de acordo com um grau de cancelamento. Esse grau de cancelamento \u00e9 estimado para cada contrato por meio de uma sistema de infer\u00eancia fuzzy. Por fim, \u00e9 realizado um conjunto de experimentos demonstrando passo-a-passo a execu\u00e7\u00e3o pr\u00e1tica da abordagem proposta, com a apresenta\u00e7\u00e3o de resultados e discuss\u00f5es.<\/p>\n<p><strong>Palavras-chave:<\/strong> Minera\u00e7\u00e3o de dados; sistema de infer\u00eancia fuzzy; sa\u00fade suplementar; plano de sa\u00fade<\/p>\n<p><strong>P\u00e1ginas:<\/strong> 21<\/p>\n<p><strong>C\u00f3digo DOI:<\/strong> <a href=\"http:\/\/dx.doi.org\/10.21528\/LNLM-vol14-no2-art2\">10.21528\/LNLM-vol14-no2-art2<\/a><\/p>\n<p><strong>Artigo em PDF:<\/strong> <a href=\"https:\/\/sbia.org.br\/lnlm\/wp-content\/uploads\/sites\/4\/2017\/04\/vol14-no2-art2.pdf\" rel=\"\">vol14-no2-art2.pdf<\/a><\/p>\n<p><strong>Arquivo BibTex:<\/strong> <a href=\"https:\/\/sbia.org.br\/lnlm\/wp-content\/uploads\/sites\/4\/2017\/04\/vol14-no2-art2.bib\" rel=\"\">vol14-no2-art2.bib<\/a><\/p>\n","protected":false},"excerpt":{"rendered":"<p>T\u00edtulo: UMA ABORDAGEM PARA A CARACTERIZA\u00c7\u00c3O DO CANCELAMENTO ELETIVO DE CONTRATOS EM PLANOS DE SA\u00daDE PRIVADOS Autores: Camelo, Jefferson Henrique; Rab\u00ealo, Ricardo de Andrade Lira; Passos, Erick Baptista Resumo: Uma diversidade de fatores influencia na expectativa de vida de uma <a href=\"https:\/\/sbia.org.br\/lnlm\/publicacoes\/vol14-no2\/vol14-no2-art2\/\" class=\"read-more\">Read More &#8230;<\/a><\/p>\n","protected":false},"author":1,"featured_media":0,"parent":929,"menu_order":0,"comment_status":"closed","ping_status":"closed","template":"","meta":{"footnotes":""},"class_list":["post-981","page","type-page","status-publish","hentry"],"yoast_head":"<!-- This site is optimized with the Yoast SEO plugin v26.9 - https:\/\/yoast.com\/product\/yoast-seo-wordpress\/ -->\n<title>UMA ABORDAGEM PARA A CARACTERIZA\u00c7\u00c3O DO CANCELAMENTO ELETIVO DE CONTRATOS EM PLANOS DE SA\u00daDE PRIVADOS - Learning and NonLinear Models<\/title>\n<meta name=\"robots\" content=\"index, follow, max-snippet:-1, max-image-preview:large, max-video-preview:-1\" \/>\n<link rel=\"canonical\" href=\"https:\/\/sbia.org.br\/lnlm\/publicacoes\/vol14-no2\/vol14-no2-art2\/\" \/>\n<meta property=\"og:locale\" content=\"pt_BR\" \/>\n<meta property=\"og:type\" content=\"article\" \/>\n<meta property=\"og:title\" content=\"UMA ABORDAGEM PARA A CARACTERIZA\u00c7\u00c3O DO CANCELAMENTO ELETIVO DE CONTRATOS EM PLANOS DE SA\u00daDE PRIVADOS - Learning and NonLinear Models\" \/>\n<meta property=\"og:description\" content=\"T\u00edtulo: UMA ABORDAGEM PARA A CARACTERIZA\u00c7\u00c3O DO CANCELAMENTO ELETIVO DE CONTRATOS EM PLANOS DE SA\u00daDE PRIVADOS Autores: Camelo, Jefferson Henrique; Rab\u00ealo, Ricardo de Andrade Lira; Passos, Erick Baptista Resumo: Uma diversidade de fatores influencia na expectativa de vida de uma Read More ...\" \/>\n<meta property=\"og:url\" content=\"https:\/\/sbia.org.br\/lnlm\/publicacoes\/vol14-no2\/vol14-no2-art2\/\" \/>\n<meta property=\"og:site_name\" content=\"Learning and NonLinear Models\" \/>\n<meta name=\"twitter:card\" content=\"summary_large_image\" \/>\n<meta name=\"twitter:label1\" content=\"Est. tempo de leitura\" \/>\n\t<meta name=\"twitter:data1\" content=\"2 minutos\" \/>\n<script type=\"application\/ld+json\" class=\"yoast-schema-graph\">{\"@context\":\"https:\/\/schema.org\",\"@graph\":[{\"@type\":\"WebPage\",\"@id\":\"https:\/\/sbia.org.br\/lnlm\/publicacoes\/vol14-no2\/vol14-no2-art2\/\",\"url\":\"https:\/\/sbia.org.br\/lnlm\/publicacoes\/vol14-no2\/vol14-no2-art2\/\",\"name\":\"UMA ABORDAGEM PARA A CARACTERIZA\u00c7\u00c3O DO CANCELAMENTO ELETIVO DE CONTRATOS EM PLANOS DE SA\u00daDE PRIVADOS - Learning and NonLinear Models\",\"isPartOf\":{\"@id\":\"https:\/\/sbia.org.br\/lnlm\/#website\"},\"datePublished\":\"2017-06-07T16:16:52+00:00\",\"breadcrumb\":{\"@id\":\"https:\/\/sbia.org.br\/lnlm\/publicacoes\/vol14-no2\/vol14-no2-art2\/#breadcrumb\"},\"inLanguage\":\"pt-BR\",\"potentialAction\":[{\"@type\":\"ReadAction\",\"target\":[\"https:\/\/sbia.org.br\/lnlm\/publicacoes\/vol14-no2\/vol14-no2-art2\/\"]}]},{\"@type\":\"BreadcrumbList\",\"@id\":\"https:\/\/sbia.org.br\/lnlm\/publicacoes\/vol14-no2\/vol14-no2-art2\/#breadcrumb\",\"itemListElement\":[{\"@type\":\"ListItem\",\"position\":1,\"name\":\"Browse issues\",\"item\":\"https:\/\/sbia.org.br\/lnlm\/publicacoes\/\"},{\"@type\":\"ListItem\",\"position\":2,\"name\":\"Learning &#038; Nonlinear Models &#8211; L&#038;NLM &#8211; Volume 14 &#8211; N\u00famero 2\",\"item\":\"https:\/\/sbia.org.br\/lnlm\/publicacoes\/vol14-no2\/\"},{\"@type\":\"ListItem\",\"position\":3,\"name\":\"UMA ABORDAGEM PARA A CARACTERIZA\u00c7\u00c3O DO CANCELAMENTO ELETIVO DE CONTRATOS EM PLANOS DE SA\u00daDE PRIVADOS\"}]},{\"@type\":\"WebSite\",\"@id\":\"https:\/\/sbia.org.br\/lnlm\/#website\",\"url\":\"https:\/\/sbia.org.br\/lnlm\/\",\"name\":\"Learning and NonLinear Models\",\"description\":\"\",\"publisher\":{\"@id\":\"https:\/\/sbia.org.br\/lnlm\/#organization\"},\"potentialAction\":[{\"@type\":\"SearchAction\",\"target\":{\"@type\":\"EntryPoint\",\"urlTemplate\":\"https:\/\/sbia.org.br\/lnlm\/?s={search_term_string}\"},\"query-input\":{\"@type\":\"PropertyValueSpecification\",\"valueRequired\":true,\"valueName\":\"search_term_string\"}}],\"inLanguage\":\"pt-BR\"},{\"@type\":\"Organization\",\"@id\":\"https:\/\/sbia.org.br\/lnlm\/#organization\",\"name\":\"Learning and NonLinear Models\",\"url\":\"https:\/\/sbia.org.br\/lnlm\/\",\"logo\":{\"@type\":\"ImageObject\",\"inLanguage\":\"pt-BR\",\"@id\":\"https:\/\/sbia.org.br\/lnlm\/#\/schema\/logo\/image\/\",\"url\":\"https:\/\/sbia.org.br\/lnlm\/wp-content\/uploads\/2021\/07\/logo-lnlm.png\",\"contentUrl\":\"https:\/\/sbia.org.br\/lnlm\/wp-content\/uploads\/2021\/07\/logo-lnlm.png\",\"width\":398,\"height\":94,\"caption\":\"Learning and NonLinear Models\"},\"image\":{\"@id\":\"https:\/\/sbia.org.br\/lnlm\/#\/schema\/logo\/image\/\"}}]}<\/script>\n<!-- \/ Yoast SEO plugin. -->","yoast_head_json":{"title":"UMA ABORDAGEM PARA A CARACTERIZA\u00c7\u00c3O DO CANCELAMENTO ELETIVO DE CONTRATOS EM PLANOS DE SA\u00daDE PRIVADOS - Learning and NonLinear Models","robots":{"index":"index","follow":"follow","max-snippet":"max-snippet:-1","max-image-preview":"max-image-preview:large","max-video-preview":"max-video-preview:-1"},"canonical":"https:\/\/sbia.org.br\/lnlm\/publicacoes\/vol14-no2\/vol14-no2-art2\/","og_locale":"pt_BR","og_type":"article","og_title":"UMA ABORDAGEM PARA A CARACTERIZA\u00c7\u00c3O DO CANCELAMENTO ELETIVO DE CONTRATOS EM PLANOS DE SA\u00daDE PRIVADOS - Learning and NonLinear Models","og_description":"T\u00edtulo: UMA ABORDAGEM PARA A CARACTERIZA\u00c7\u00c3O DO CANCELAMENTO ELETIVO DE CONTRATOS EM PLANOS DE SA\u00daDE PRIVADOS Autores: Camelo, Jefferson Henrique; Rab\u00ealo, Ricardo de Andrade Lira; Passos, Erick Baptista Resumo: Uma diversidade de fatores influencia na expectativa de vida de uma Read More ...","og_url":"https:\/\/sbia.org.br\/lnlm\/publicacoes\/vol14-no2\/vol14-no2-art2\/","og_site_name":"Learning and NonLinear Models","twitter_card":"summary_large_image","twitter_misc":{"Est. tempo de leitura":"2 minutos"},"schema":{"@context":"https:\/\/schema.org","@graph":[{"@type":"WebPage","@id":"https:\/\/sbia.org.br\/lnlm\/publicacoes\/vol14-no2\/vol14-no2-art2\/","url":"https:\/\/sbia.org.br\/lnlm\/publicacoes\/vol14-no2\/vol14-no2-art2\/","name":"UMA ABORDAGEM PARA A CARACTERIZA\u00c7\u00c3O DO CANCELAMENTO ELETIVO DE CONTRATOS EM PLANOS DE SA\u00daDE PRIVADOS - Learning and NonLinear Models","isPartOf":{"@id":"https:\/\/sbia.org.br\/lnlm\/#website"},"datePublished":"2017-06-07T16:16:52+00:00","breadcrumb":{"@id":"https:\/\/sbia.org.br\/lnlm\/publicacoes\/vol14-no2\/vol14-no2-art2\/#breadcrumb"},"inLanguage":"pt-BR","potentialAction":[{"@type":"ReadAction","target":["https:\/\/sbia.org.br\/lnlm\/publicacoes\/vol14-no2\/vol14-no2-art2\/"]}]},{"@type":"BreadcrumbList","@id":"https:\/\/sbia.org.br\/lnlm\/publicacoes\/vol14-no2\/vol14-no2-art2\/#breadcrumb","itemListElement":[{"@type":"ListItem","position":1,"name":"Browse issues","item":"https:\/\/sbia.org.br\/lnlm\/publicacoes\/"},{"@type":"ListItem","position":2,"name":"Learning &#038; Nonlinear Models &#8211; L&#038;NLM &#8211; Volume 14 &#8211; N\u00famero 2","item":"https:\/\/sbia.org.br\/lnlm\/publicacoes\/vol14-no2\/"},{"@type":"ListItem","position":3,"name":"UMA ABORDAGEM PARA A CARACTERIZA\u00c7\u00c3O DO CANCELAMENTO ELETIVO DE CONTRATOS EM PLANOS DE SA\u00daDE PRIVADOS"}]},{"@type":"WebSite","@id":"https:\/\/sbia.org.br\/lnlm\/#website","url":"https:\/\/sbia.org.br\/lnlm\/","name":"Learning and NonLinear Models","description":"","publisher":{"@id":"https:\/\/sbia.org.br\/lnlm\/#organization"},"potentialAction":[{"@type":"SearchAction","target":{"@type":"EntryPoint","urlTemplate":"https:\/\/sbia.org.br\/lnlm\/?s={search_term_string}"},"query-input":{"@type":"PropertyValueSpecification","valueRequired":true,"valueName":"search_term_string"}}],"inLanguage":"pt-BR"},{"@type":"Organization","@id":"https:\/\/sbia.org.br\/lnlm\/#organization","name":"Learning and NonLinear Models","url":"https:\/\/sbia.org.br\/lnlm\/","logo":{"@type":"ImageObject","inLanguage":"pt-BR","@id":"https:\/\/sbia.org.br\/lnlm\/#\/schema\/logo\/image\/","url":"https:\/\/sbia.org.br\/lnlm\/wp-content\/uploads\/2021\/07\/logo-lnlm.png","contentUrl":"https:\/\/sbia.org.br\/lnlm\/wp-content\/uploads\/2021\/07\/logo-lnlm.png","width":398,"height":94,"caption":"Learning and NonLinear Models"},"image":{"@id":"https:\/\/sbia.org.br\/lnlm\/#\/schema\/logo\/image\/"}}]}},"_links":{"self":[{"href":"https:\/\/sbia.org.br\/lnlm\/wp-json\/wp\/v2\/pages\/981","targetHints":{"allow":["GET"]}}],"collection":[{"href":"https:\/\/sbia.org.br\/lnlm\/wp-json\/wp\/v2\/pages"}],"about":[{"href":"https:\/\/sbia.org.br\/lnlm\/wp-json\/wp\/v2\/types\/page"}],"author":[{"embeddable":true,"href":"https:\/\/sbia.org.br\/lnlm\/wp-json\/wp\/v2\/users\/1"}],"replies":[{"embeddable":true,"href":"https:\/\/sbia.org.br\/lnlm\/wp-json\/wp\/v2\/comments?post=981"}],"version-history":[{"count":0,"href":"https:\/\/sbia.org.br\/lnlm\/wp-json\/wp\/v2\/pages\/981\/revisions"}],"up":[{"embeddable":true,"href":"https:\/\/sbia.org.br\/lnlm\/wp-json\/wp\/v2\/pages\/929"}],"wp:attachment":[{"href":"https:\/\/sbia.org.br\/lnlm\/wp-json\/wp\/v2\/media?parent=981"}],"curies":[{"name":"wp","href":"https:\/\/api.w.org\/{rel}","templated":true}]}}