{"id":890,"date":"2016-10-13T13:30:03","date_gmt":"2016-10-13T16:30:03","guid":{"rendered":"https:\/\/sbia.org.br\/lnlm\/?page_id=890"},"modified":"2016-10-13T13:30:03","modified_gmt":"2016-10-13T16:30:03","slug":"vol14-no1-art1","status":"publish","type":"page","link":"https:\/\/sbia.org.br\/lnlm\/publicacoes\/vol14-no1\/vol14-no1-art1\/","title":{"rendered":"UMA ABORDAGEM PARA PROVISIONAMENTO AUTOM\u00c1TICO DE SENSORES EM NUVENS DE SENSORES"},"content":{"rendered":"<p><strong>T\u00edtulo:<\/strong> UMA ABORDAGEM PARA PROVISIONAMENTO AUTOM\u00c1TICO DE SENSORES EM NUVENS DE SENSORES<\/p>\n<p><strong>Autores:<\/strong> Lemos, Marcus; Carvalho, Carlos; Lopes, Douglas; Holanda, Raimir; Rab\u00ealo, Ricardo<\/p>\n<p align=\"justify\"><strong>Resumo:<\/strong> No contexto de nuvens de sensores, o procedimento de provisionamento \u00e9 essencial, uma vez que \u00e9 o respons\u00e1vel por selecionar os sensores f\u00edsicos que ser\u00e3o alocados para compor os sensores virtuais. Os principais trabalhos da literatura consideram a aloca\u00e7\u00e3o de todos os sensores dentro da regi\u00e3o de interesse. Tal abordagem, contudo, pode acarretar s\u00e9rios problemas, como o desperd\u00edcio do consumo de energia e o comprometimento da qualidade de servi\u00e7o das aplica\u00e7\u00f5es. Assim, o objetivo deste trabalho \u00e9 apresentar uma abordagem autom\u00e1tica para o provisionamento de sensores virtuais. A  abordagem minimiza, ao mesmo tempo, a quantidade de n\u00f3s selecionados e o consumo total de energia dos n\u00f3s que comp\u00f5e a nuvem de sensores. Os resultados de experimentos iniciais demonstram que, dependendo do n\u00edvel de erro aceit\u00e1vel definido pelo usu\u00e1rio, a abordagem reduziu entre 7% e 46% do consumo de energia, tornando-se uma solu\u00e7\u00e3o a ser considerada nos cen\u00e1rios de nuvem de sensores.\n<\/p>\n<p><strong>Palavras-chave:<\/strong> Redes de Sensores Sem Fio; Nuvens de Sensores; virtualiza\u00e7\u00e3o<\/p>\n<p><strong>P\u00e1ginas:<\/strong> 11<\/p>\n<p><strong>C\u00f3digo DOI:<\/strong> <a href=\"http:\/\/dx.doi.org\/10.21528\/LNLM-vol14-no1-art1\">10.21528\/LNLM-vol14-no1-art1<\/a><\/p>\n<p><strong>Artigo em PDF:<\/strong> <a href=\"https:\/\/sbia.org.br\/lnlm\/wp-content\/uploads\/sites\/4\/2016\/10\/vol14-no1-art1.pdf\" rel=\"\">vol14-no1-art1.pdf<\/a><\/p>\n<p><strong>Arquivo BibTex:<\/strong> <a href=\"https:\/\/sbia.org.br\/lnlm\/wp-content\/uploads\/sites\/4\/2016\/10\/vol14-no1-art1.bib\" rel=\"\">vol14-no1-art1.bib<\/a><\/p>\n","protected":false},"excerpt":{"rendered":"<p>T\u00edtulo: UMA ABORDAGEM PARA PROVISIONAMENTO AUTOM\u00c1TICO DE SENSORES EM NUVENS DE SENSORES Autores: Lemos, Marcus; Carvalho, Carlos; Lopes, Douglas; Holanda, Raimir; Rab\u00ealo, Ricardo Resumo: No contexto de nuvens de sensores, o procedimento de provisionamento \u00e9 essencial, uma vez que \u00e9 <a href=\"https:\/\/sbia.org.br\/lnlm\/publicacoes\/vol14-no1\/vol14-no1-art1\/\" class=\"read-more\">Read More &#8230;<\/a><\/p>\n","protected":false},"author":1,"featured_media":0,"parent":885,"menu_order":0,"comment_status":"closed","ping_status":"closed","template":"","meta":{"footnotes":""},"class_list":["post-890","page","type-page","status-publish","hentry"],"yoast_head":"<!-- This site is optimized with the Yoast SEO plugin v26.9 - https:\/\/yoast.com\/product\/yoast-seo-wordpress\/ -->\n<title>UMA ABORDAGEM PARA PROVISIONAMENTO AUTOM\u00c1TICO DE SENSORES EM NUVENS DE SENSORES - Learning and NonLinear Models<\/title>\n<meta name=\"robots\" content=\"index, follow, max-snippet:-1, max-image-preview:large, max-video-preview:-1\" \/>\n<link rel=\"canonical\" href=\"https:\/\/sbia.org.br\/lnlm\/publicacoes\/vol14-no1\/vol14-no1-art1\/\" \/>\n<meta property=\"og:locale\" content=\"pt_BR\" \/>\n<meta property=\"og:type\" content=\"article\" \/>\n<meta property=\"og:title\" content=\"UMA ABORDAGEM PARA PROVISIONAMENTO AUTOM\u00c1TICO DE SENSORES EM NUVENS DE SENSORES - Learning and NonLinear Models\" \/>\n<meta property=\"og:description\" content=\"T\u00edtulo: UMA ABORDAGEM PARA PROVISIONAMENTO AUTOM\u00c1TICO DE SENSORES EM NUVENS DE SENSORES Autores: Lemos, Marcus; Carvalho, Carlos; Lopes, Douglas; Holanda, Raimir; Rab\u00ealo, Ricardo Resumo: No contexto de nuvens de sensores, o procedimento de provisionamento \u00e9 essencial, uma vez que \u00e9 Read More ...\" \/>\n<meta property=\"og:url\" content=\"https:\/\/sbia.org.br\/lnlm\/publicacoes\/vol14-no1\/vol14-no1-art1\/\" \/>\n<meta property=\"og:site_name\" content=\"Learning and NonLinear Models\" \/>\n<meta name=\"twitter:card\" content=\"summary_large_image\" \/>\n<meta name=\"twitter:label1\" content=\"Est. tempo de leitura\" \/>\n\t<meta name=\"twitter:data1\" content=\"1 minuto\" \/>\n<script type=\"application\/ld+json\" class=\"yoast-schema-graph\">{\"@context\":\"https:\/\/schema.org\",\"@graph\":[{\"@type\":\"WebPage\",\"@id\":\"https:\/\/sbia.org.br\/lnlm\/publicacoes\/vol14-no1\/vol14-no1-art1\/\",\"url\":\"https:\/\/sbia.org.br\/lnlm\/publicacoes\/vol14-no1\/vol14-no1-art1\/\",\"name\":\"UMA ABORDAGEM PARA PROVISIONAMENTO AUTOM\u00c1TICO DE SENSORES EM NUVENS DE SENSORES - Learning and NonLinear Models\",\"isPartOf\":{\"@id\":\"https:\/\/sbia.org.br\/lnlm\/#website\"},\"datePublished\":\"2016-10-13T16:30:03+00:00\",\"breadcrumb\":{\"@id\":\"https:\/\/sbia.org.br\/lnlm\/publicacoes\/vol14-no1\/vol14-no1-art1\/#breadcrumb\"},\"inLanguage\":\"pt-BR\",\"potentialAction\":[{\"@type\":\"ReadAction\",\"target\":[\"https:\/\/sbia.org.br\/lnlm\/publicacoes\/vol14-no1\/vol14-no1-art1\/\"]}]},{\"@type\":\"BreadcrumbList\",\"@id\":\"https:\/\/sbia.org.br\/lnlm\/publicacoes\/vol14-no1\/vol14-no1-art1\/#breadcrumb\",\"itemListElement\":[{\"@type\":\"ListItem\",\"position\":1,\"name\":\"Browse issues\",\"item\":\"https:\/\/sbia.org.br\/lnlm\/publicacoes\/\"},{\"@type\":\"ListItem\",\"position\":2,\"name\":\"Learning &#038; Nonlinear Models &#8211; L&#038;NLM &#8211; Volume 14 &#8211; N\u00famero 1\",\"item\":\"https:\/\/sbia.org.br\/lnlm\/publicacoes\/vol14-no1\/\"},{\"@type\":\"ListItem\",\"position\":3,\"name\":\"UMA ABORDAGEM PARA PROVISIONAMENTO AUTOM\u00c1TICO DE SENSORES EM NUVENS DE SENSORES\"}]},{\"@type\":\"WebSite\",\"@id\":\"https:\/\/sbia.org.br\/lnlm\/#website\",\"url\":\"https:\/\/sbia.org.br\/lnlm\/\",\"name\":\"Learning and NonLinear Models\",\"description\":\"\",\"publisher\":{\"@id\":\"https:\/\/sbia.org.br\/lnlm\/#organization\"},\"potentialAction\":[{\"@type\":\"SearchAction\",\"target\":{\"@type\":\"EntryPoint\",\"urlTemplate\":\"https:\/\/sbia.org.br\/lnlm\/?s={search_term_string}\"},\"query-input\":{\"@type\":\"PropertyValueSpecification\",\"valueRequired\":true,\"valueName\":\"search_term_string\"}}],\"inLanguage\":\"pt-BR\"},{\"@type\":\"Organization\",\"@id\":\"https:\/\/sbia.org.br\/lnlm\/#organization\",\"name\":\"Learning and NonLinear Models\",\"url\":\"https:\/\/sbia.org.br\/lnlm\/\",\"logo\":{\"@type\":\"ImageObject\",\"inLanguage\":\"pt-BR\",\"@id\":\"https:\/\/sbia.org.br\/lnlm\/#\/schema\/logo\/image\/\",\"url\":\"https:\/\/sbia.org.br\/lnlm\/wp-content\/uploads\/2021\/07\/logo-lnlm.png\",\"contentUrl\":\"https:\/\/sbia.org.br\/lnlm\/wp-content\/uploads\/2021\/07\/logo-lnlm.png\",\"width\":398,\"height\":94,\"caption\":\"Learning and NonLinear Models\"},\"image\":{\"@id\":\"https:\/\/sbia.org.br\/lnlm\/#\/schema\/logo\/image\/\"}}]}<\/script>\n<!-- \/ Yoast SEO plugin. -->","yoast_head_json":{"title":"UMA ABORDAGEM PARA PROVISIONAMENTO AUTOM\u00c1TICO DE SENSORES EM NUVENS DE SENSORES - Learning and NonLinear Models","robots":{"index":"index","follow":"follow","max-snippet":"max-snippet:-1","max-image-preview":"max-image-preview:large","max-video-preview":"max-video-preview:-1"},"canonical":"https:\/\/sbia.org.br\/lnlm\/publicacoes\/vol14-no1\/vol14-no1-art1\/","og_locale":"pt_BR","og_type":"article","og_title":"UMA ABORDAGEM PARA PROVISIONAMENTO AUTOM\u00c1TICO DE SENSORES EM NUVENS DE SENSORES - Learning and NonLinear Models","og_description":"T\u00edtulo: UMA ABORDAGEM PARA PROVISIONAMENTO AUTOM\u00c1TICO DE SENSORES EM NUVENS DE SENSORES Autores: Lemos, Marcus; Carvalho, Carlos; Lopes, Douglas; Holanda, Raimir; Rab\u00ealo, Ricardo Resumo: No contexto de nuvens de sensores, o procedimento de provisionamento \u00e9 essencial, uma vez que \u00e9 Read More ...","og_url":"https:\/\/sbia.org.br\/lnlm\/publicacoes\/vol14-no1\/vol14-no1-art1\/","og_site_name":"Learning and NonLinear Models","twitter_card":"summary_large_image","twitter_misc":{"Est. tempo de leitura":"1 minuto"},"schema":{"@context":"https:\/\/schema.org","@graph":[{"@type":"WebPage","@id":"https:\/\/sbia.org.br\/lnlm\/publicacoes\/vol14-no1\/vol14-no1-art1\/","url":"https:\/\/sbia.org.br\/lnlm\/publicacoes\/vol14-no1\/vol14-no1-art1\/","name":"UMA ABORDAGEM PARA PROVISIONAMENTO AUTOM\u00c1TICO DE SENSORES EM NUVENS DE SENSORES - Learning and NonLinear Models","isPartOf":{"@id":"https:\/\/sbia.org.br\/lnlm\/#website"},"datePublished":"2016-10-13T16:30:03+00:00","breadcrumb":{"@id":"https:\/\/sbia.org.br\/lnlm\/publicacoes\/vol14-no1\/vol14-no1-art1\/#breadcrumb"},"inLanguage":"pt-BR","potentialAction":[{"@type":"ReadAction","target":["https:\/\/sbia.org.br\/lnlm\/publicacoes\/vol14-no1\/vol14-no1-art1\/"]}]},{"@type":"BreadcrumbList","@id":"https:\/\/sbia.org.br\/lnlm\/publicacoes\/vol14-no1\/vol14-no1-art1\/#breadcrumb","itemListElement":[{"@type":"ListItem","position":1,"name":"Browse issues","item":"https:\/\/sbia.org.br\/lnlm\/publicacoes\/"},{"@type":"ListItem","position":2,"name":"Learning &#038; Nonlinear Models &#8211; L&#038;NLM &#8211; Volume 14 &#8211; N\u00famero 1","item":"https:\/\/sbia.org.br\/lnlm\/publicacoes\/vol14-no1\/"},{"@type":"ListItem","position":3,"name":"UMA ABORDAGEM PARA PROVISIONAMENTO AUTOM\u00c1TICO DE SENSORES EM NUVENS DE SENSORES"}]},{"@type":"WebSite","@id":"https:\/\/sbia.org.br\/lnlm\/#website","url":"https:\/\/sbia.org.br\/lnlm\/","name":"Learning and NonLinear Models","description":"","publisher":{"@id":"https:\/\/sbia.org.br\/lnlm\/#organization"},"potentialAction":[{"@type":"SearchAction","target":{"@type":"EntryPoint","urlTemplate":"https:\/\/sbia.org.br\/lnlm\/?s={search_term_string}"},"query-input":{"@type":"PropertyValueSpecification","valueRequired":true,"valueName":"search_term_string"}}],"inLanguage":"pt-BR"},{"@type":"Organization","@id":"https:\/\/sbia.org.br\/lnlm\/#organization","name":"Learning and NonLinear Models","url":"https:\/\/sbia.org.br\/lnlm\/","logo":{"@type":"ImageObject","inLanguage":"pt-BR","@id":"https:\/\/sbia.org.br\/lnlm\/#\/schema\/logo\/image\/","url":"https:\/\/sbia.org.br\/lnlm\/wp-content\/uploads\/2021\/07\/logo-lnlm.png","contentUrl":"https:\/\/sbia.org.br\/lnlm\/wp-content\/uploads\/2021\/07\/logo-lnlm.png","width":398,"height":94,"caption":"Learning and NonLinear Models"},"image":{"@id":"https:\/\/sbia.org.br\/lnlm\/#\/schema\/logo\/image\/"}}]}},"_links":{"self":[{"href":"https:\/\/sbia.org.br\/lnlm\/wp-json\/wp\/v2\/pages\/890","targetHints":{"allow":["GET"]}}],"collection":[{"href":"https:\/\/sbia.org.br\/lnlm\/wp-json\/wp\/v2\/pages"}],"about":[{"href":"https:\/\/sbia.org.br\/lnlm\/wp-json\/wp\/v2\/types\/page"}],"author":[{"embeddable":true,"href":"https:\/\/sbia.org.br\/lnlm\/wp-json\/wp\/v2\/users\/1"}],"replies":[{"embeddable":true,"href":"https:\/\/sbia.org.br\/lnlm\/wp-json\/wp\/v2\/comments?post=890"}],"version-history":[{"count":0,"href":"https:\/\/sbia.org.br\/lnlm\/wp-json\/wp\/v2\/pages\/890\/revisions"}],"up":[{"embeddable":true,"href":"https:\/\/sbia.org.br\/lnlm\/wp-json\/wp\/v2\/pages\/885"}],"wp:attachment":[{"href":"https:\/\/sbia.org.br\/lnlm\/wp-json\/wp\/v2\/media?parent=890"}],"curies":[{"name":"wp","href":"https:\/\/api.w.org\/{rel}","templated":true}]}}