{"id":646,"date":"2016-07-19T17:35:49","date_gmt":"2016-07-19T20:35:49","guid":{"rendered":"https:\/\/sbia.org.br\/lnlm\/?page_id=646"},"modified":"2016-07-19T17:35:49","modified_gmt":"2016-07-19T20:35:49","slug":"vol11-no2-art1","status":"publish","type":"page","link":"https:\/\/sbia.org.br\/lnlm\/publicacoes\/vol11-no2\/vol11-no2-art1\/","title":{"rendered":"Aprendizado por Transfer\u00eancia para Aplica\u00e7\u00f5es Orientadas a Usu\u00e1rio: Uma Experi\u00eancia em L\u00edngua de Sinais"},"content":{"rendered":"<p><strong>T\u00edtulo:<\/strong> Aprendizado por Transfer\u00eancia para Aplica\u00e7\u00f5es Orientadas a Usu\u00e1rio: Uma Experi\u00eancia em L\u00edngua de Sinais<\/p>\n<p><strong>Autores:<\/strong> Brunialti, Lucas F.; Peres, Sarajane M.; Lima, Clodoaldo A. M.; Boscarioli, Clodis<\/p>\n<p align=\"justify\"><strong>Resumo:<\/strong> Um grande desafio atual \u00e9 a interpreta\u00e7\u00e3o automatizada de gestos relacionados \u00e0 comunica\u00e7\u00e3o em L\u00ednguas de Sinais. Nesse contexto, a execu\u00e7\u00e3o dos gestos assume um car\u00e1ter de grande variabilidade, o que o diferencia daqueles onde os gestos de interesse s\u00e3o simples, como no caso de automa\u00e7\u00e3o de \u201ccasas inteligentes\u201d ou jogos de computadores. Devido a essa complexidade, para indu\u00e7\u00e3o de modelos de reconhecimento de gestos com grande variabilidade de execu\u00e7\u00e3o, s\u00e3o necess\u00e1rios conjuntos de dados rotulados provenientes de diferentes pessoas executando os gestos. \u00c9 fato que este tipo de aquisi\u00e7\u00e3o e rotula\u00e7\u00e3o de dados \u00e9 uma tarefa dif\u00edcil, ent\u00e3o, este trabalho apresenta um estudo sobre uma estrat\u00e9gia para minimizar este problema. Com o uso dos algoritmos Multilayer Perceptron (aprendizado supervisionado) e TrAdaBoost (aprendizado por transfer\u00eancia), este artigo discute uma abordagem para constru\u00e7\u00e3o de aplica\u00e7\u00f5es orientadas \u00e0 usu\u00e1rio, melhorando o reconhecimento de gestos provenientes de novos usu\u00e1rios.<\/p>\n<p><strong>Palavras-chave:<\/strong> An\u00e1lise de Movimentos; An\u00e1lise de Gestos; Aprendizado por Transfer\u00eancia; TRAdaBoost; Multilayer Perceptron; L\u00edngua de Sinais<\/p>\n<p><strong>P\u00e1ginas:<\/strong> 18<\/p>\n<p><strong>C\u00f3digo DOI:<\/strong> <a href=\"http:\/\/dx.doi.org\/10.21528\/lnlm-vol11-no2-art1\">10.21528\/lmln-vol11-no2-art1<\/a><\/p>\n<p><strong>Artigo em PDF:<\/strong> <a href=\"https:\/\/sbia.org.br\/lnlm\/wp-content\/uploads\/sites\/4\/2016\/07\/vol11-no2-art1.pdf\" rel=\"\">vol11-no2-art1.pdf<\/a><\/p>\n<p><strong>Arquivo BibTex:<\/strong> <a href=\"https:\/\/sbia.org.br\/lnlm\/wp-content\/uploads\/sites\/4\/2016\/07\/vol11-no2-art1.bib\" rel=\"\">vol11-no2-art1.bib<\/a><\/p>\n","protected":false},"excerpt":{"rendered":"<p>T\u00edtulo: Aprendizado por Transfer\u00eancia para Aplica\u00e7\u00f5es Orientadas a Usu\u00e1rio: Uma Experi\u00eancia em L\u00edngua de Sinais Autores: Brunialti, Lucas F.; Peres, Sarajane M.; Lima, Clodoaldo A. M.; Boscarioli, Clodis Resumo: Um grande desafio atual \u00e9 a interpreta\u00e7\u00e3o automatizada de gestos relacionados <a href=\"https:\/\/sbia.org.br\/lnlm\/publicacoes\/vol11-no2\/vol11-no2-art1\/\" class=\"read-more\">Read More &#8230;<\/a><\/p>\n","protected":false},"author":1,"featured_media":0,"parent":644,"menu_order":0,"comment_status":"closed","ping_status":"closed","template":"","meta":{"footnotes":""},"class_list":["post-646","page","type-page","status-publish","hentry"],"yoast_head":"<!-- This site is optimized with the Yoast SEO plugin v26.9 - https:\/\/yoast.com\/product\/yoast-seo-wordpress\/ -->\n<title>Aprendizado por Transfer\u00eancia para Aplica\u00e7\u00f5es Orientadas a Usu\u00e1rio: Uma Experi\u00eancia em L\u00edngua de Sinais - Learning and NonLinear Models<\/title>\n<meta name=\"robots\" content=\"index, follow, max-snippet:-1, max-image-preview:large, max-video-preview:-1\" \/>\n<link rel=\"canonical\" href=\"https:\/\/sbia.org.br\/lnlm\/publicacoes\/vol11-no2\/vol11-no2-art1\/\" \/>\n<meta property=\"og:locale\" content=\"pt_BR\" \/>\n<meta property=\"og:type\" content=\"article\" \/>\n<meta property=\"og:title\" content=\"Aprendizado por Transfer\u00eancia para Aplica\u00e7\u00f5es Orientadas a Usu\u00e1rio: Uma Experi\u00eancia em L\u00edngua de Sinais - Learning and NonLinear Models\" \/>\n<meta property=\"og:description\" content=\"T\u00edtulo: Aprendizado por Transfer\u00eancia para Aplica\u00e7\u00f5es Orientadas a Usu\u00e1rio: Uma Experi\u00eancia em L\u00edngua de Sinais Autores: Brunialti, Lucas F.; Peres, Sarajane M.; Lima, Clodoaldo A. M.; Boscarioli, Clodis Resumo: Um grande desafio atual \u00e9 a interpreta\u00e7\u00e3o automatizada de gestos relacionados Read More ...\" \/>\n<meta property=\"og:url\" content=\"https:\/\/sbia.org.br\/lnlm\/publicacoes\/vol11-no2\/vol11-no2-art1\/\" \/>\n<meta property=\"og:site_name\" content=\"Learning and NonLinear Models\" \/>\n<meta name=\"twitter:card\" content=\"summary_large_image\" \/>\n<meta name=\"twitter:label1\" content=\"Est. tempo de leitura\" \/>\n\t<meta name=\"twitter:data1\" content=\"1 minuto\" \/>\n<script type=\"application\/ld+json\" class=\"yoast-schema-graph\">{\"@context\":\"https:\/\/schema.org\",\"@graph\":[{\"@type\":\"WebPage\",\"@id\":\"https:\/\/sbia.org.br\/lnlm\/publicacoes\/vol11-no2\/vol11-no2-art1\/\",\"url\":\"https:\/\/sbia.org.br\/lnlm\/publicacoes\/vol11-no2\/vol11-no2-art1\/\",\"name\":\"Aprendizado por Transfer\u00eancia para Aplica\u00e7\u00f5es Orientadas a Usu\u00e1rio: Uma Experi\u00eancia em L\u00edngua de Sinais - Learning and NonLinear Models\",\"isPartOf\":{\"@id\":\"https:\/\/sbia.org.br\/lnlm\/#website\"},\"datePublished\":\"2016-07-19T20:35:49+00:00\",\"breadcrumb\":{\"@id\":\"https:\/\/sbia.org.br\/lnlm\/publicacoes\/vol11-no2\/vol11-no2-art1\/#breadcrumb\"},\"inLanguage\":\"pt-BR\",\"potentialAction\":[{\"@type\":\"ReadAction\",\"target\":[\"https:\/\/sbia.org.br\/lnlm\/publicacoes\/vol11-no2\/vol11-no2-art1\/\"]}]},{\"@type\":\"BreadcrumbList\",\"@id\":\"https:\/\/sbia.org.br\/lnlm\/publicacoes\/vol11-no2\/vol11-no2-art1\/#breadcrumb\",\"itemListElement\":[{\"@type\":\"ListItem\",\"position\":1,\"name\":\"Browse issues\",\"item\":\"https:\/\/sbia.org.br\/lnlm\/publicacoes\/\"},{\"@type\":\"ListItem\",\"position\":2,\"name\":\"Learning &#038; Nonlinear Models &#8211; L&#038;NLM &#8211; Volume 11 &#8211; N\u00famero 2\",\"item\":\"https:\/\/sbia.org.br\/lnlm\/publicacoes\/vol11-no2\/\"},{\"@type\":\"ListItem\",\"position\":3,\"name\":\"Aprendizado por Transfer\u00eancia para Aplica\u00e7\u00f5es Orientadas a Usu\u00e1rio: Uma Experi\u00eancia em L\u00edngua de Sinais\"}]},{\"@type\":\"WebSite\",\"@id\":\"https:\/\/sbia.org.br\/lnlm\/#website\",\"url\":\"https:\/\/sbia.org.br\/lnlm\/\",\"name\":\"Learning and NonLinear Models\",\"description\":\"\",\"publisher\":{\"@id\":\"https:\/\/sbia.org.br\/lnlm\/#organization\"},\"potentialAction\":[{\"@type\":\"SearchAction\",\"target\":{\"@type\":\"EntryPoint\",\"urlTemplate\":\"https:\/\/sbia.org.br\/lnlm\/?s={search_term_string}\"},\"query-input\":{\"@type\":\"PropertyValueSpecification\",\"valueRequired\":true,\"valueName\":\"search_term_string\"}}],\"inLanguage\":\"pt-BR\"},{\"@type\":\"Organization\",\"@id\":\"https:\/\/sbia.org.br\/lnlm\/#organization\",\"name\":\"Learning and NonLinear Models\",\"url\":\"https:\/\/sbia.org.br\/lnlm\/\",\"logo\":{\"@type\":\"ImageObject\",\"inLanguage\":\"pt-BR\",\"@id\":\"https:\/\/sbia.org.br\/lnlm\/#\/schema\/logo\/image\/\",\"url\":\"https:\/\/sbia.org.br\/lnlm\/wp-content\/uploads\/2021\/07\/logo-lnlm.png\",\"contentUrl\":\"https:\/\/sbia.org.br\/lnlm\/wp-content\/uploads\/2021\/07\/logo-lnlm.png\",\"width\":398,\"height\":94,\"caption\":\"Learning and NonLinear Models\"},\"image\":{\"@id\":\"https:\/\/sbia.org.br\/lnlm\/#\/schema\/logo\/image\/\"}}]}<\/script>\n<!-- \/ Yoast SEO plugin. -->","yoast_head_json":{"title":"Aprendizado por Transfer\u00eancia para Aplica\u00e7\u00f5es Orientadas a Usu\u00e1rio: Uma Experi\u00eancia em L\u00edngua de Sinais - Learning and NonLinear Models","robots":{"index":"index","follow":"follow","max-snippet":"max-snippet:-1","max-image-preview":"max-image-preview:large","max-video-preview":"max-video-preview:-1"},"canonical":"https:\/\/sbia.org.br\/lnlm\/publicacoes\/vol11-no2\/vol11-no2-art1\/","og_locale":"pt_BR","og_type":"article","og_title":"Aprendizado por Transfer\u00eancia para Aplica\u00e7\u00f5es Orientadas a Usu\u00e1rio: Uma Experi\u00eancia em L\u00edngua de Sinais - Learning and NonLinear Models","og_description":"T\u00edtulo: Aprendizado por Transfer\u00eancia para Aplica\u00e7\u00f5es Orientadas a Usu\u00e1rio: Uma Experi\u00eancia em L\u00edngua de Sinais Autores: Brunialti, Lucas F.; Peres, Sarajane M.; Lima, Clodoaldo A. M.; Boscarioli, Clodis Resumo: Um grande desafio atual \u00e9 a interpreta\u00e7\u00e3o automatizada de gestos relacionados Read More ...","og_url":"https:\/\/sbia.org.br\/lnlm\/publicacoes\/vol11-no2\/vol11-no2-art1\/","og_site_name":"Learning and NonLinear Models","twitter_card":"summary_large_image","twitter_misc":{"Est. tempo de leitura":"1 minuto"},"schema":{"@context":"https:\/\/schema.org","@graph":[{"@type":"WebPage","@id":"https:\/\/sbia.org.br\/lnlm\/publicacoes\/vol11-no2\/vol11-no2-art1\/","url":"https:\/\/sbia.org.br\/lnlm\/publicacoes\/vol11-no2\/vol11-no2-art1\/","name":"Aprendizado por Transfer\u00eancia para Aplica\u00e7\u00f5es Orientadas a Usu\u00e1rio: Uma Experi\u00eancia em L\u00edngua de Sinais - Learning and NonLinear Models","isPartOf":{"@id":"https:\/\/sbia.org.br\/lnlm\/#website"},"datePublished":"2016-07-19T20:35:49+00:00","breadcrumb":{"@id":"https:\/\/sbia.org.br\/lnlm\/publicacoes\/vol11-no2\/vol11-no2-art1\/#breadcrumb"},"inLanguage":"pt-BR","potentialAction":[{"@type":"ReadAction","target":["https:\/\/sbia.org.br\/lnlm\/publicacoes\/vol11-no2\/vol11-no2-art1\/"]}]},{"@type":"BreadcrumbList","@id":"https:\/\/sbia.org.br\/lnlm\/publicacoes\/vol11-no2\/vol11-no2-art1\/#breadcrumb","itemListElement":[{"@type":"ListItem","position":1,"name":"Browse issues","item":"https:\/\/sbia.org.br\/lnlm\/publicacoes\/"},{"@type":"ListItem","position":2,"name":"Learning &#038; Nonlinear Models &#8211; L&#038;NLM &#8211; Volume 11 &#8211; N\u00famero 2","item":"https:\/\/sbia.org.br\/lnlm\/publicacoes\/vol11-no2\/"},{"@type":"ListItem","position":3,"name":"Aprendizado por Transfer\u00eancia para Aplica\u00e7\u00f5es Orientadas a Usu\u00e1rio: Uma Experi\u00eancia em L\u00edngua de Sinais"}]},{"@type":"WebSite","@id":"https:\/\/sbia.org.br\/lnlm\/#website","url":"https:\/\/sbia.org.br\/lnlm\/","name":"Learning and NonLinear Models","description":"","publisher":{"@id":"https:\/\/sbia.org.br\/lnlm\/#organization"},"potentialAction":[{"@type":"SearchAction","target":{"@type":"EntryPoint","urlTemplate":"https:\/\/sbia.org.br\/lnlm\/?s={search_term_string}"},"query-input":{"@type":"PropertyValueSpecification","valueRequired":true,"valueName":"search_term_string"}}],"inLanguage":"pt-BR"},{"@type":"Organization","@id":"https:\/\/sbia.org.br\/lnlm\/#organization","name":"Learning and NonLinear Models","url":"https:\/\/sbia.org.br\/lnlm\/","logo":{"@type":"ImageObject","inLanguage":"pt-BR","@id":"https:\/\/sbia.org.br\/lnlm\/#\/schema\/logo\/image\/","url":"https:\/\/sbia.org.br\/lnlm\/wp-content\/uploads\/2021\/07\/logo-lnlm.png","contentUrl":"https:\/\/sbia.org.br\/lnlm\/wp-content\/uploads\/2021\/07\/logo-lnlm.png","width":398,"height":94,"caption":"Learning and NonLinear Models"},"image":{"@id":"https:\/\/sbia.org.br\/lnlm\/#\/schema\/logo\/image\/"}}]}},"_links":{"self":[{"href":"https:\/\/sbia.org.br\/lnlm\/wp-json\/wp\/v2\/pages\/646","targetHints":{"allow":["GET"]}}],"collection":[{"href":"https:\/\/sbia.org.br\/lnlm\/wp-json\/wp\/v2\/pages"}],"about":[{"href":"https:\/\/sbia.org.br\/lnlm\/wp-json\/wp\/v2\/types\/page"}],"author":[{"embeddable":true,"href":"https:\/\/sbia.org.br\/lnlm\/wp-json\/wp\/v2\/users\/1"}],"replies":[{"embeddable":true,"href":"https:\/\/sbia.org.br\/lnlm\/wp-json\/wp\/v2\/comments?post=646"}],"version-history":[{"count":0,"href":"https:\/\/sbia.org.br\/lnlm\/wp-json\/wp\/v2\/pages\/646\/revisions"}],"up":[{"embeddable":true,"href":"https:\/\/sbia.org.br\/lnlm\/wp-json\/wp\/v2\/pages\/644"}],"wp:attachment":[{"href":"https:\/\/sbia.org.br\/lnlm\/wp-json\/wp\/v2\/media?parent=646"}],"curies":[{"name":"wp","href":"https:\/\/api.w.org\/{rel}","templated":true}]}}