{"id":583,"date":"2016-07-18T15:49:31","date_gmt":"2016-07-18T18:49:31","guid":{"rendered":"https:\/\/sbia.org.br\/lnlm\/?page_id=583"},"modified":"2016-07-18T15:49:31","modified_gmt":"2016-07-18T18:49:31","slug":"vol10-no1-art5","status":"publish","type":"page","link":"https:\/\/sbia.org.br\/lnlm\/publicacoes\/vol10-no1\/vol10-no1-art5\/","title":{"rendered":"Aplica\u00e7\u00e3o do Perceptron de M\u00faltiplas Camadas para Estima\u00e7\u00e3o da Cobertura do Sinal de Televis\u00e3o Digital na Cidade de Goi\u00e2nia"},"content":{"rendered":"<p><strong>T\u00edtulo:<\/strong> Aplica\u00e7\u00e3o do Perceptron de M\u00faltiplas Camadas para Estima\u00e7\u00e3o da Cobertura do Sinal de Televis\u00e3o Digital na Cidade de Goi\u00e2nia<\/p>\n<p><strong>Autores:<\/strong> Silva, Douglas Dias da<\/p>\n<p align=\"justify\"><strong>Resumo:<\/strong> Neste artigo s\u00e3o apresentadas informa\u00e7\u00f5es sobre a intensidade de sinal obtida em campo e em simula\u00e7\u00f5es para a recep\u00e7\u00e3o one-seg de televis\u00e3o digital na cidade de Goi\u00e2nia \u2013 GO. Objetivando o desenvolvimento de uma ferramenta de estima\u00e7\u00e3o da intensidade de sinal, realizaram-se estudos referentes \u00e0 teoria de redes neurais e suas aplica\u00e7\u00f5es, enfatizando a arquitetura Perceptron de M\u00faltiplas Camadas e seu treinamento supervisionado atrav\u00e9s do algoritmo de retropropaga\u00e7\u00e3o do erro (HAYKIN,2001). Tal ferramenta foi desenvolvida visando \u00e0 capacidade de estimar a intensidade de sinal, sendo treinada com os dados obtidos nas medi\u00e7\u00f5es. Ap\u00f3s seu desenvolvimento, a ferramenta foi utilizada para a obten\u00e7\u00e3o da intensidade de sinal para diversos cen\u00e1rios propostos. A estimativa da intensidade de sinal para o cen\u00e1rio com concentra\u00e7\u00e3o de \u00e1rvores e aus\u00eancia de visada direta mostrou-se mais pr\u00f3ximo, apresentando o maior percentual de erro da aproxima\u00e7\u00e3o inferior a 8.03%, da realidade encontrada na cidade de Goi\u00e2nia, conseq\u00fc\u00eancia da grande concentra\u00e7\u00e3o de \u00e1rvores existentes atualmente na \u00e1rea urbana.<\/p>\n<p><strong>Palavras-chave:<\/strong> Redes neurais artificiais; perceptron de m\u00faltiplas camadas; televis\u00e3o digital; cobertura do sinal<\/p>\n<p><strong>P\u00e1ginas:<\/strong> 17<\/p>\n<p><strong>C\u00f3digo DOI:<\/strong> <a href=\"http:\/\/dx.doi.org\/10.21528\/lnlm-vol10-no1-art5\">10.21528\/lmln-vol10-no1-art5<\/a><\/p>\n<p><strong>Artigo em PDF:<\/strong> <a href=\"https:\/\/sbia.org.br\/lnlm\/wp-content\/uploads\/sites\/4\/2016\/07\/vol10-no1-art5.pdf\" rel=\"\">vol10-no1-art5.pdf<\/a><\/p>\n<p><strong>Arquivo BibTex:<\/strong> <a href=\"https:\/\/sbia.org.br\/lnlm\/wp-content\/uploads\/sites\/4\/2016\/07\/vol10-no1-art5.bib\" rel=\"\">vol10-no1-art5.bib<\/a><\/p>\n","protected":false},"excerpt":{"rendered":"<p>T\u00edtulo: Aplica\u00e7\u00e3o do Perceptron de M\u00faltiplas Camadas para Estima\u00e7\u00e3o da Cobertura do Sinal de Televis\u00e3o Digital na Cidade de Goi\u00e2nia Autores: Silva, Douglas Dias da Resumo: Neste artigo s\u00e3o apresentadas informa\u00e7\u00f5es sobre a intensidade de sinal obtida em campo e <a href=\"https:\/\/sbia.org.br\/lnlm\/publicacoes\/vol10-no1\/vol10-no1-art5\/\" class=\"read-more\">Read More &#8230;<\/a><\/p>\n","protected":false},"author":1,"featured_media":0,"parent":565,"menu_order":0,"comment_status":"closed","ping_status":"closed","template":"","meta":{"footnotes":""},"class_list":["post-583","page","type-page","status-publish","hentry"],"yoast_head":"<!-- This site is optimized with the Yoast SEO plugin v26.9 - https:\/\/yoast.com\/product\/yoast-seo-wordpress\/ -->\n<title>Aplica\u00e7\u00e3o do Perceptron de M\u00faltiplas Camadas para Estima\u00e7\u00e3o da Cobertura do Sinal de Televis\u00e3o Digital na Cidade de Goi\u00e2nia - Learning and NonLinear Models<\/title>\n<meta name=\"robots\" content=\"index, follow, max-snippet:-1, max-image-preview:large, max-video-preview:-1\" \/>\n<link rel=\"canonical\" href=\"https:\/\/sbia.org.br\/lnlm\/publicacoes\/vol10-no1\/vol10-no1-art5\/\" \/>\n<meta property=\"og:locale\" content=\"pt_BR\" \/>\n<meta property=\"og:type\" content=\"article\" \/>\n<meta property=\"og:title\" content=\"Aplica\u00e7\u00e3o do Perceptron de M\u00faltiplas Camadas para Estima\u00e7\u00e3o da Cobertura do Sinal de Televis\u00e3o Digital na Cidade de Goi\u00e2nia - Learning and NonLinear Models\" \/>\n<meta property=\"og:description\" content=\"T\u00edtulo: Aplica\u00e7\u00e3o do Perceptron de M\u00faltiplas Camadas para Estima\u00e7\u00e3o da Cobertura do Sinal de Televis\u00e3o Digital na Cidade de Goi\u00e2nia Autores: Silva, Douglas Dias da Resumo: Neste artigo s\u00e3o apresentadas informa\u00e7\u00f5es sobre a intensidade de sinal obtida em campo e Read More ...\" \/>\n<meta property=\"og:url\" content=\"https:\/\/sbia.org.br\/lnlm\/publicacoes\/vol10-no1\/vol10-no1-art5\/\" \/>\n<meta property=\"og:site_name\" content=\"Learning and NonLinear Models\" \/>\n<meta name=\"twitter:card\" content=\"summary_large_image\" \/>\n<meta name=\"twitter:label1\" content=\"Est. tempo de leitura\" \/>\n\t<meta name=\"twitter:data1\" content=\"1 minuto\" \/>\n<script type=\"application\/ld+json\" class=\"yoast-schema-graph\">{\"@context\":\"https:\/\/schema.org\",\"@graph\":[{\"@type\":\"WebPage\",\"@id\":\"https:\/\/sbia.org.br\/lnlm\/publicacoes\/vol10-no1\/vol10-no1-art5\/\",\"url\":\"https:\/\/sbia.org.br\/lnlm\/publicacoes\/vol10-no1\/vol10-no1-art5\/\",\"name\":\"Aplica\u00e7\u00e3o do Perceptron de M\u00faltiplas Camadas para Estima\u00e7\u00e3o da Cobertura do Sinal de Televis\u00e3o Digital na Cidade de Goi\u00e2nia - Learning and NonLinear Models\",\"isPartOf\":{\"@id\":\"https:\/\/sbia.org.br\/lnlm\/#website\"},\"datePublished\":\"2016-07-18T18:49:31+00:00\",\"breadcrumb\":{\"@id\":\"https:\/\/sbia.org.br\/lnlm\/publicacoes\/vol10-no1\/vol10-no1-art5\/#breadcrumb\"},\"inLanguage\":\"pt-BR\",\"potentialAction\":[{\"@type\":\"ReadAction\",\"target\":[\"https:\/\/sbia.org.br\/lnlm\/publicacoes\/vol10-no1\/vol10-no1-art5\/\"]}]},{\"@type\":\"BreadcrumbList\",\"@id\":\"https:\/\/sbia.org.br\/lnlm\/publicacoes\/vol10-no1\/vol10-no1-art5\/#breadcrumb\",\"itemListElement\":[{\"@type\":\"ListItem\",\"position\":1,\"name\":\"Browse issues\",\"item\":\"https:\/\/sbia.org.br\/lnlm\/publicacoes\/\"},{\"@type\":\"ListItem\",\"position\":2,\"name\":\"Learning &#038; Nonlinear Models &#8211; L&#038;NLM &#8211; Volume 10 &#8211; N\u00famero 1\",\"item\":\"https:\/\/sbia.org.br\/lnlm\/publicacoes\/vol10-no1\/\"},{\"@type\":\"ListItem\",\"position\":3,\"name\":\"Aplica\u00e7\u00e3o do Perceptron de M\u00faltiplas Camadas para Estima\u00e7\u00e3o da Cobertura do Sinal de Televis\u00e3o Digital na Cidade de Goi\u00e2nia\"}]},{\"@type\":\"WebSite\",\"@id\":\"https:\/\/sbia.org.br\/lnlm\/#website\",\"url\":\"https:\/\/sbia.org.br\/lnlm\/\",\"name\":\"Learning and NonLinear Models\",\"description\":\"\",\"publisher\":{\"@id\":\"https:\/\/sbia.org.br\/lnlm\/#organization\"},\"potentialAction\":[{\"@type\":\"SearchAction\",\"target\":{\"@type\":\"EntryPoint\",\"urlTemplate\":\"https:\/\/sbia.org.br\/lnlm\/?s={search_term_string}\"},\"query-input\":{\"@type\":\"PropertyValueSpecification\",\"valueRequired\":true,\"valueName\":\"search_term_string\"}}],\"inLanguage\":\"pt-BR\"},{\"@type\":\"Organization\",\"@id\":\"https:\/\/sbia.org.br\/lnlm\/#organization\",\"name\":\"Learning and NonLinear Models\",\"url\":\"https:\/\/sbia.org.br\/lnlm\/\",\"logo\":{\"@type\":\"ImageObject\",\"inLanguage\":\"pt-BR\",\"@id\":\"https:\/\/sbia.org.br\/lnlm\/#\/schema\/logo\/image\/\",\"url\":\"https:\/\/sbia.org.br\/lnlm\/wp-content\/uploads\/2021\/07\/logo-lnlm.png\",\"contentUrl\":\"https:\/\/sbia.org.br\/lnlm\/wp-content\/uploads\/2021\/07\/logo-lnlm.png\",\"width\":398,\"height\":94,\"caption\":\"Learning and NonLinear Models\"},\"image\":{\"@id\":\"https:\/\/sbia.org.br\/lnlm\/#\/schema\/logo\/image\/\"}}]}<\/script>\n<!-- \/ Yoast SEO plugin. -->","yoast_head_json":{"title":"Aplica\u00e7\u00e3o do Perceptron de M\u00faltiplas Camadas para Estima\u00e7\u00e3o da Cobertura do Sinal de Televis\u00e3o Digital na Cidade de Goi\u00e2nia - Learning and NonLinear Models","robots":{"index":"index","follow":"follow","max-snippet":"max-snippet:-1","max-image-preview":"max-image-preview:large","max-video-preview":"max-video-preview:-1"},"canonical":"https:\/\/sbia.org.br\/lnlm\/publicacoes\/vol10-no1\/vol10-no1-art5\/","og_locale":"pt_BR","og_type":"article","og_title":"Aplica\u00e7\u00e3o do Perceptron de M\u00faltiplas Camadas para Estima\u00e7\u00e3o da Cobertura do Sinal de Televis\u00e3o Digital na Cidade de Goi\u00e2nia - Learning and NonLinear Models","og_description":"T\u00edtulo: Aplica\u00e7\u00e3o do Perceptron de M\u00faltiplas Camadas para Estima\u00e7\u00e3o da Cobertura do Sinal de Televis\u00e3o Digital na Cidade de Goi\u00e2nia Autores: Silva, Douglas Dias da Resumo: Neste artigo s\u00e3o apresentadas informa\u00e7\u00f5es sobre a intensidade de sinal obtida em campo e Read More ...","og_url":"https:\/\/sbia.org.br\/lnlm\/publicacoes\/vol10-no1\/vol10-no1-art5\/","og_site_name":"Learning and NonLinear Models","twitter_card":"summary_large_image","twitter_misc":{"Est. tempo de leitura":"1 minuto"},"schema":{"@context":"https:\/\/schema.org","@graph":[{"@type":"WebPage","@id":"https:\/\/sbia.org.br\/lnlm\/publicacoes\/vol10-no1\/vol10-no1-art5\/","url":"https:\/\/sbia.org.br\/lnlm\/publicacoes\/vol10-no1\/vol10-no1-art5\/","name":"Aplica\u00e7\u00e3o do Perceptron de M\u00faltiplas Camadas para Estima\u00e7\u00e3o da Cobertura do Sinal de Televis\u00e3o Digital na Cidade de Goi\u00e2nia - Learning and NonLinear Models","isPartOf":{"@id":"https:\/\/sbia.org.br\/lnlm\/#website"},"datePublished":"2016-07-18T18:49:31+00:00","breadcrumb":{"@id":"https:\/\/sbia.org.br\/lnlm\/publicacoes\/vol10-no1\/vol10-no1-art5\/#breadcrumb"},"inLanguage":"pt-BR","potentialAction":[{"@type":"ReadAction","target":["https:\/\/sbia.org.br\/lnlm\/publicacoes\/vol10-no1\/vol10-no1-art5\/"]}]},{"@type":"BreadcrumbList","@id":"https:\/\/sbia.org.br\/lnlm\/publicacoes\/vol10-no1\/vol10-no1-art5\/#breadcrumb","itemListElement":[{"@type":"ListItem","position":1,"name":"Browse issues","item":"https:\/\/sbia.org.br\/lnlm\/publicacoes\/"},{"@type":"ListItem","position":2,"name":"Learning &#038; Nonlinear Models &#8211; L&#038;NLM &#8211; Volume 10 &#8211; N\u00famero 1","item":"https:\/\/sbia.org.br\/lnlm\/publicacoes\/vol10-no1\/"},{"@type":"ListItem","position":3,"name":"Aplica\u00e7\u00e3o do Perceptron de M\u00faltiplas Camadas para Estima\u00e7\u00e3o da Cobertura do Sinal de Televis\u00e3o Digital na Cidade de Goi\u00e2nia"}]},{"@type":"WebSite","@id":"https:\/\/sbia.org.br\/lnlm\/#website","url":"https:\/\/sbia.org.br\/lnlm\/","name":"Learning and NonLinear Models","description":"","publisher":{"@id":"https:\/\/sbia.org.br\/lnlm\/#organization"},"potentialAction":[{"@type":"SearchAction","target":{"@type":"EntryPoint","urlTemplate":"https:\/\/sbia.org.br\/lnlm\/?s={search_term_string}"},"query-input":{"@type":"PropertyValueSpecification","valueRequired":true,"valueName":"search_term_string"}}],"inLanguage":"pt-BR"},{"@type":"Organization","@id":"https:\/\/sbia.org.br\/lnlm\/#organization","name":"Learning and NonLinear Models","url":"https:\/\/sbia.org.br\/lnlm\/","logo":{"@type":"ImageObject","inLanguage":"pt-BR","@id":"https:\/\/sbia.org.br\/lnlm\/#\/schema\/logo\/image\/","url":"https:\/\/sbia.org.br\/lnlm\/wp-content\/uploads\/2021\/07\/logo-lnlm.png","contentUrl":"https:\/\/sbia.org.br\/lnlm\/wp-content\/uploads\/2021\/07\/logo-lnlm.png","width":398,"height":94,"caption":"Learning and NonLinear Models"},"image":{"@id":"https:\/\/sbia.org.br\/lnlm\/#\/schema\/logo\/image\/"}}]}},"_links":{"self":[{"href":"https:\/\/sbia.org.br\/lnlm\/wp-json\/wp\/v2\/pages\/583","targetHints":{"allow":["GET"]}}],"collection":[{"href":"https:\/\/sbia.org.br\/lnlm\/wp-json\/wp\/v2\/pages"}],"about":[{"href":"https:\/\/sbia.org.br\/lnlm\/wp-json\/wp\/v2\/types\/page"}],"author":[{"embeddable":true,"href":"https:\/\/sbia.org.br\/lnlm\/wp-json\/wp\/v2\/users\/1"}],"replies":[{"embeddable":true,"href":"https:\/\/sbia.org.br\/lnlm\/wp-json\/wp\/v2\/comments?post=583"}],"version-history":[{"count":0,"href":"https:\/\/sbia.org.br\/lnlm\/wp-json\/wp\/v2\/pages\/583\/revisions"}],"up":[{"embeddable":true,"href":"https:\/\/sbia.org.br\/lnlm\/wp-json\/wp\/v2\/pages\/565"}],"wp:attachment":[{"href":"https:\/\/sbia.org.br\/lnlm\/wp-json\/wp\/v2\/media?parent=583"}],"curies":[{"name":"wp","href":"https:\/\/api.w.org\/{rel}","templated":true}]}}