{"id":561,"date":"2016-07-17T19:24:34","date_gmt":"2016-07-17T22:24:34","guid":{"rendered":"https:\/\/sbia.org.br\/lnlm\/?page_id=561"},"modified":"2016-07-17T19:24:34","modified_gmt":"2016-07-17T22:24:34","slug":"vol9-no4-art5","status":"publish","type":"page","link":"https:\/\/sbia.org.br\/lnlm\/publicacoes\/vol9-no4\/vol9-no4-art5\/","title":{"rendered":"Uma Aplica\u00e7\u00e3o de Sistemas Fuzzy Gen\u00e9ticos para o Planejamento da Opera\u00e7\u00e3o Energ\u00e9tica de Sistemas Hidrot\u00e9rmicos"},"content":{"rendered":"<p><strong>T\u00edtulo:<\/strong> Uma Aplica\u00e7\u00e3o de Sistemas Fuzzy Gen\u00e9ticos para o Planejamento da Opera\u00e7\u00e3o Energ\u00e9tica de Sistemas Hidrot\u00e9rmicos<\/p>\n<p><strong>Autores:<\/strong> Rab\u00ealo, Ricardo A. L.; Borges, F\u00e1bbio A. S.; Fernandes, Ricardo A. S.<\/p>\n<p align=\"justify\"><strong>Resumo:<\/strong> Este trabalho prop\u00f5e a implementa\u00e7\u00e3o de regras de opera\u00e7\u00e3o de reservat\u00f3rios por meio de Sistemas Fuzzy Gen\u00e9ticos. Sistemas de infer\u00eancia fuzzy de Mamdani s\u00e3o empregados para estimar o volume operativo de cada usina hidroel\u00e9trica, a partir do valor da energia armazenada no sistema hidroel\u00e9trico. Para isto, especializa-se um sistema fuzzy para cada usina hidroel\u00e9trica, de forma a representar o comportamento diferenciado de cada reservat\u00f3rio na opera\u00e7\u00e3o otimizada do sistema. Algoritmos Gen\u00e9ticos s\u00e3o utilizados para sintonizar as fun\u00e7\u00f5es de pertin\u00eancia da vari\u00e1vel lingu\u00edstica do consequente das regras de produ\u00e7\u00e3o dos sistemas fuzzy. A regra de opera\u00e7\u00e3o de reservat\u00f3rio proposta, baseada em sistemas fuzzy gen\u00e9ticos (ROBSFG), foi aplicada e comparada, por meio da simula\u00e7\u00e3o da opera\u00e7\u00e3o energ\u00e9tica de sistemas hidroel\u00e9tricos, com a regra de opera\u00e7\u00e3o paralela (ROP), muito utilizada na pr\u00e1tica inclusive em modelos do setor el\u00e9trico brasileiro, a regra de opera\u00e7\u00e3o baseada em fun\u00e7\u00f5es matem\u00e1ticas (ROBFM) e a regra de opera\u00e7\u00e3o baseada em sistemas fuzzy Takagi-Sugeno (ROSFTS). Os resultados obtidos ilustram a efici\u00eancia da regra proposta, a qual maximiza os benef\u00edcios hidroel\u00e9tricos do sistema hidrot\u00e9rmico de gera\u00e7\u00e3o.<\/p>\n<p><strong>Palavras-chave:<\/strong> Sistemas de Infer\u00eancia Fuzzy; Algoritmos Gen\u00e9ticos; Sistemas Fuzzy Gen\u00e9ticos; Planejamento da Opera\u00e7\u00e3o; Regras de Opera\u00e7\u00e3o; Sistemas Hidrot\u00e9rmicos<\/p>\n<p><strong>P\u00e1ginas:<\/strong> 17<\/p>\n<p><strong>C\u00f3digo DOI:<\/strong> <a href=\"http:\/\/dx.doi.org\/10.21528\/lnlm-vol9-no4-art5\">10.21528\/lmln-vol9-no4-art5<\/a><\/p>\n<p><strong>Artigo em PDF:<\/strong> <a href=\"https:\/\/sbia.org.br\/lnlm\/wp-content\/uploads\/sites\/4\/2016\/07\/vol9-no4-art5.pdf\" rel=\"\">vol9-no4-art5.pdf<\/a><\/p>\n<p><strong>Arquivo BibTex:<\/strong> <a href=\"https:\/\/sbia.org.br\/lnlm\/wp-content\/uploads\/sites\/4\/2016\/07\/vol9-no4-art5.bib\" rel=\"\">vol9-no4-art5.bib<\/a><\/p>\n","protected":false},"excerpt":{"rendered":"<p>T\u00edtulo: Uma Aplica\u00e7\u00e3o de Sistemas Fuzzy Gen\u00e9ticos para o Planejamento da Opera\u00e7\u00e3o Energ\u00e9tica de Sistemas Hidrot\u00e9rmicos Autores: Rab\u00ealo, Ricardo A. L.; Borges, F\u00e1bbio A. S.; Fernandes, Ricardo A. S. Resumo: Este trabalho prop\u00f5e a implementa\u00e7\u00e3o de regras de opera\u00e7\u00e3o de <a href=\"https:\/\/sbia.org.br\/lnlm\/publicacoes\/vol9-no4\/vol9-no4-art5\/\" class=\"read-more\">Read More &#8230;<\/a><\/p>\n","protected":false},"author":1,"featured_media":0,"parent":551,"menu_order":0,"comment_status":"closed","ping_status":"closed","template":"","meta":{"footnotes":""},"class_list":["post-561","page","type-page","status-publish","hentry"],"yoast_head":"<!-- This site is optimized with the Yoast SEO plugin v26.9 - https:\/\/yoast.com\/product\/yoast-seo-wordpress\/ -->\n<title>Uma Aplica\u00e7\u00e3o de Sistemas Fuzzy Gen\u00e9ticos para o Planejamento da Opera\u00e7\u00e3o Energ\u00e9tica de Sistemas Hidrot\u00e9rmicos - Learning and NonLinear Models<\/title>\n<meta name=\"robots\" content=\"index, follow, max-snippet:-1, max-image-preview:large, max-video-preview:-1\" \/>\n<link rel=\"canonical\" href=\"https:\/\/sbia.org.br\/lnlm\/publicacoes\/vol9-no4\/vol9-no4-art5\/\" \/>\n<meta property=\"og:locale\" content=\"pt_BR\" \/>\n<meta property=\"og:type\" content=\"article\" \/>\n<meta property=\"og:title\" content=\"Uma Aplica\u00e7\u00e3o de Sistemas Fuzzy Gen\u00e9ticos para o Planejamento da Opera\u00e7\u00e3o Energ\u00e9tica de Sistemas Hidrot\u00e9rmicos - Learning and NonLinear Models\" \/>\n<meta property=\"og:description\" content=\"T\u00edtulo: Uma Aplica\u00e7\u00e3o de Sistemas Fuzzy Gen\u00e9ticos para o Planejamento da Opera\u00e7\u00e3o Energ\u00e9tica de Sistemas Hidrot\u00e9rmicos Autores: Rab\u00ealo, Ricardo A. L.; Borges, F\u00e1bbio A. S.; Fernandes, Ricardo A. S. Resumo: Este trabalho prop\u00f5e a implementa\u00e7\u00e3o de regras de opera\u00e7\u00e3o de Read More ...\" \/>\n<meta property=\"og:url\" content=\"https:\/\/sbia.org.br\/lnlm\/publicacoes\/vol9-no4\/vol9-no4-art5\/\" \/>\n<meta property=\"og:site_name\" content=\"Learning and NonLinear Models\" \/>\n<meta name=\"twitter:card\" content=\"summary_large_image\" \/>\n<meta name=\"twitter:label1\" content=\"Est. tempo de leitura\" \/>\n\t<meta name=\"twitter:data1\" content=\"1 minuto\" \/>\n<script type=\"application\/ld+json\" class=\"yoast-schema-graph\">{\"@context\":\"https:\/\/schema.org\",\"@graph\":[{\"@type\":\"WebPage\",\"@id\":\"https:\/\/sbia.org.br\/lnlm\/publicacoes\/vol9-no4\/vol9-no4-art5\/\",\"url\":\"https:\/\/sbia.org.br\/lnlm\/publicacoes\/vol9-no4\/vol9-no4-art5\/\",\"name\":\"Uma Aplica\u00e7\u00e3o de Sistemas Fuzzy Gen\u00e9ticos para o Planejamento da Opera\u00e7\u00e3o Energ\u00e9tica de Sistemas Hidrot\u00e9rmicos - Learning and NonLinear Models\",\"isPartOf\":{\"@id\":\"https:\/\/sbia.org.br\/lnlm\/#website\"},\"datePublished\":\"2016-07-17T22:24:34+00:00\",\"breadcrumb\":{\"@id\":\"https:\/\/sbia.org.br\/lnlm\/publicacoes\/vol9-no4\/vol9-no4-art5\/#breadcrumb\"},\"inLanguage\":\"pt-BR\",\"potentialAction\":[{\"@type\":\"ReadAction\",\"target\":[\"https:\/\/sbia.org.br\/lnlm\/publicacoes\/vol9-no4\/vol9-no4-art5\/\"]}]},{\"@type\":\"BreadcrumbList\",\"@id\":\"https:\/\/sbia.org.br\/lnlm\/publicacoes\/vol9-no4\/vol9-no4-art5\/#breadcrumb\",\"itemListElement\":[{\"@type\":\"ListItem\",\"position\":1,\"name\":\"Browse issues\",\"item\":\"https:\/\/sbia.org.br\/lnlm\/publicacoes\/\"},{\"@type\":\"ListItem\",\"position\":2,\"name\":\"Learning &#038; Nonlinear Models &#8211; L&#038;NLM &#8211; Volume 9 &#8211; N\u00famero 4\",\"item\":\"https:\/\/sbia.org.br\/lnlm\/publicacoes\/vol9-no4\/\"},{\"@type\":\"ListItem\",\"position\":3,\"name\":\"Uma Aplica\u00e7\u00e3o de Sistemas Fuzzy Gen\u00e9ticos para o Planejamento da Opera\u00e7\u00e3o Energ\u00e9tica de Sistemas Hidrot\u00e9rmicos\"}]},{\"@type\":\"WebSite\",\"@id\":\"https:\/\/sbia.org.br\/lnlm\/#website\",\"url\":\"https:\/\/sbia.org.br\/lnlm\/\",\"name\":\"Learning and NonLinear Models\",\"description\":\"\",\"publisher\":{\"@id\":\"https:\/\/sbia.org.br\/lnlm\/#organization\"},\"potentialAction\":[{\"@type\":\"SearchAction\",\"target\":{\"@type\":\"EntryPoint\",\"urlTemplate\":\"https:\/\/sbia.org.br\/lnlm\/?s={search_term_string}\"},\"query-input\":{\"@type\":\"PropertyValueSpecification\",\"valueRequired\":true,\"valueName\":\"search_term_string\"}}],\"inLanguage\":\"pt-BR\"},{\"@type\":\"Organization\",\"@id\":\"https:\/\/sbia.org.br\/lnlm\/#organization\",\"name\":\"Learning and NonLinear Models\",\"url\":\"https:\/\/sbia.org.br\/lnlm\/\",\"logo\":{\"@type\":\"ImageObject\",\"inLanguage\":\"pt-BR\",\"@id\":\"https:\/\/sbia.org.br\/lnlm\/#\/schema\/logo\/image\/\",\"url\":\"https:\/\/sbia.org.br\/lnlm\/wp-content\/uploads\/2021\/07\/logo-lnlm.png\",\"contentUrl\":\"https:\/\/sbia.org.br\/lnlm\/wp-content\/uploads\/2021\/07\/logo-lnlm.png\",\"width\":398,\"height\":94,\"caption\":\"Learning and NonLinear Models\"},\"image\":{\"@id\":\"https:\/\/sbia.org.br\/lnlm\/#\/schema\/logo\/image\/\"}}]}<\/script>\n<!-- \/ Yoast SEO plugin. -->","yoast_head_json":{"title":"Uma Aplica\u00e7\u00e3o de Sistemas Fuzzy Gen\u00e9ticos para o Planejamento da Opera\u00e7\u00e3o Energ\u00e9tica de Sistemas Hidrot\u00e9rmicos - Learning and NonLinear Models","robots":{"index":"index","follow":"follow","max-snippet":"max-snippet:-1","max-image-preview":"max-image-preview:large","max-video-preview":"max-video-preview:-1"},"canonical":"https:\/\/sbia.org.br\/lnlm\/publicacoes\/vol9-no4\/vol9-no4-art5\/","og_locale":"pt_BR","og_type":"article","og_title":"Uma Aplica\u00e7\u00e3o de Sistemas Fuzzy Gen\u00e9ticos para o Planejamento da Opera\u00e7\u00e3o Energ\u00e9tica de Sistemas Hidrot\u00e9rmicos - Learning and NonLinear Models","og_description":"T\u00edtulo: Uma Aplica\u00e7\u00e3o de Sistemas Fuzzy Gen\u00e9ticos para o Planejamento da Opera\u00e7\u00e3o Energ\u00e9tica de Sistemas Hidrot\u00e9rmicos Autores: Rab\u00ealo, Ricardo A. L.; Borges, F\u00e1bbio A. S.; Fernandes, Ricardo A. S. Resumo: Este trabalho prop\u00f5e a implementa\u00e7\u00e3o de regras de opera\u00e7\u00e3o de Read More ...","og_url":"https:\/\/sbia.org.br\/lnlm\/publicacoes\/vol9-no4\/vol9-no4-art5\/","og_site_name":"Learning and NonLinear Models","twitter_card":"summary_large_image","twitter_misc":{"Est. tempo de leitura":"1 minuto"},"schema":{"@context":"https:\/\/schema.org","@graph":[{"@type":"WebPage","@id":"https:\/\/sbia.org.br\/lnlm\/publicacoes\/vol9-no4\/vol9-no4-art5\/","url":"https:\/\/sbia.org.br\/lnlm\/publicacoes\/vol9-no4\/vol9-no4-art5\/","name":"Uma Aplica\u00e7\u00e3o de Sistemas Fuzzy Gen\u00e9ticos para o Planejamento da Opera\u00e7\u00e3o Energ\u00e9tica de Sistemas Hidrot\u00e9rmicos - Learning and NonLinear Models","isPartOf":{"@id":"https:\/\/sbia.org.br\/lnlm\/#website"},"datePublished":"2016-07-17T22:24:34+00:00","breadcrumb":{"@id":"https:\/\/sbia.org.br\/lnlm\/publicacoes\/vol9-no4\/vol9-no4-art5\/#breadcrumb"},"inLanguage":"pt-BR","potentialAction":[{"@type":"ReadAction","target":["https:\/\/sbia.org.br\/lnlm\/publicacoes\/vol9-no4\/vol9-no4-art5\/"]}]},{"@type":"BreadcrumbList","@id":"https:\/\/sbia.org.br\/lnlm\/publicacoes\/vol9-no4\/vol9-no4-art5\/#breadcrumb","itemListElement":[{"@type":"ListItem","position":1,"name":"Browse issues","item":"https:\/\/sbia.org.br\/lnlm\/publicacoes\/"},{"@type":"ListItem","position":2,"name":"Learning &#038; Nonlinear Models &#8211; L&#038;NLM &#8211; Volume 9 &#8211; N\u00famero 4","item":"https:\/\/sbia.org.br\/lnlm\/publicacoes\/vol9-no4\/"},{"@type":"ListItem","position":3,"name":"Uma Aplica\u00e7\u00e3o de Sistemas Fuzzy Gen\u00e9ticos para o Planejamento da Opera\u00e7\u00e3o Energ\u00e9tica de Sistemas Hidrot\u00e9rmicos"}]},{"@type":"WebSite","@id":"https:\/\/sbia.org.br\/lnlm\/#website","url":"https:\/\/sbia.org.br\/lnlm\/","name":"Learning and NonLinear Models","description":"","publisher":{"@id":"https:\/\/sbia.org.br\/lnlm\/#organization"},"potentialAction":[{"@type":"SearchAction","target":{"@type":"EntryPoint","urlTemplate":"https:\/\/sbia.org.br\/lnlm\/?s={search_term_string}"},"query-input":{"@type":"PropertyValueSpecification","valueRequired":true,"valueName":"search_term_string"}}],"inLanguage":"pt-BR"},{"@type":"Organization","@id":"https:\/\/sbia.org.br\/lnlm\/#organization","name":"Learning and NonLinear Models","url":"https:\/\/sbia.org.br\/lnlm\/","logo":{"@type":"ImageObject","inLanguage":"pt-BR","@id":"https:\/\/sbia.org.br\/lnlm\/#\/schema\/logo\/image\/","url":"https:\/\/sbia.org.br\/lnlm\/wp-content\/uploads\/2021\/07\/logo-lnlm.png","contentUrl":"https:\/\/sbia.org.br\/lnlm\/wp-content\/uploads\/2021\/07\/logo-lnlm.png","width":398,"height":94,"caption":"Learning and NonLinear Models"},"image":{"@id":"https:\/\/sbia.org.br\/lnlm\/#\/schema\/logo\/image\/"}}]}},"_links":{"self":[{"href":"https:\/\/sbia.org.br\/lnlm\/wp-json\/wp\/v2\/pages\/561","targetHints":{"allow":["GET"]}}],"collection":[{"href":"https:\/\/sbia.org.br\/lnlm\/wp-json\/wp\/v2\/pages"}],"about":[{"href":"https:\/\/sbia.org.br\/lnlm\/wp-json\/wp\/v2\/types\/page"}],"author":[{"embeddable":true,"href":"https:\/\/sbia.org.br\/lnlm\/wp-json\/wp\/v2\/users\/1"}],"replies":[{"embeddable":true,"href":"https:\/\/sbia.org.br\/lnlm\/wp-json\/wp\/v2\/comments?post=561"}],"version-history":[{"count":0,"href":"https:\/\/sbia.org.br\/lnlm\/wp-json\/wp\/v2\/pages\/561\/revisions"}],"up":[{"embeddable":true,"href":"https:\/\/sbia.org.br\/lnlm\/wp-json\/wp\/v2\/pages\/551"}],"wp:attachment":[{"href":"https:\/\/sbia.org.br\/lnlm\/wp-json\/wp\/v2\/media?parent=561"}],"curies":[{"name":"wp","href":"https:\/\/api.w.org\/{rel}","templated":true}]}}