{"id":532,"date":"2016-07-17T18:53:52","date_gmt":"2016-07-17T21:53:52","guid":{"rendered":"https:\/\/sbia.org.br\/lnlm\/?page_id=532"},"modified":"2016-07-17T18:53:52","modified_gmt":"2016-07-17T21:53:52","slug":"vol9-no2-art4","status":"publish","type":"page","link":"https:\/\/sbia.org.br\/lnlm\/publicacoes\/vol9-no2\/vol9-no2-art4\/","title":{"rendered":"Utiliza\u00e7\u00e3o da Pupilometria Din\u00e2mica para Identifica\u00e7\u00e3o Pessoal Baseada em Reflexos Humanos"},"content":{"rendered":"<p><strong>T\u00edtulo:<\/strong> Utiliza\u00e7\u00e3o da Pupilometria Din\u00e2mica para Identifica\u00e7\u00e3o Pessoal Baseada em Reflexos Humanos<\/p>\n<p><strong>Autores:<\/strong> Yano, Vitor A. N.; Zimmer, Alessandro; Ferrari, Giselle L.<\/p>\n<p align=\"justify\"><strong>Resumo:<\/strong> T\u00e9cnicas de identifica\u00e7\u00e3o autom\u00e1tica de indiv\u00edduos baseadas em caracter\u00edsticas biom\u00e9tricas facilitam o controle de sistemas de seguran\u00e7a, al\u00e9m de reduzir o risco de falhas. Utilizando processamento de imagens capturadas \u00e0 dist\u00e2ncia, m\u00e9todos de reconhecimento facial ou por \u00edris apresentam a vantagem de utilizar processos n\u00e3o invasivos. Ao mesmo tempo, os algoritmos mais usados nestas \u00e1reas baseiam-se apenas em caracter\u00edsticas est\u00e1ticas, o que facilita a ocorr\u00eancia de fraudes. O uso de reflexos humanos para identifica\u00e7\u00e3o impede a c\u00f3pia de caracter\u00edsticas, uma vez que s\u00e3o respostas din\u00e2micas involunt\u00e1rias, al\u00e9m de garantir que a pessoa fisicamente presente apresenta sinal de vida. Este artigo mostra um estudo preliminar sobre a possibilidade de utiliza\u00e7\u00e3o de pupilometria din\u00e2mica, isto \u00e9, da medi\u00e7\u00e3o da varia\u00e7\u00e3o do raio da pupila, para a identifica\u00e7\u00e3o de indiv\u00edduos atrav\u00e9s do reflexo pupilar.<\/p>\n<p><strong>Palavras-chave:<\/strong> Biometria; pupilometria; processamento de imagens<\/p>\n<p><strong>P\u00e1ginas:<\/strong> 10<\/p>\n<p><strong>C\u00f3digo DOI:<\/strong> <a href=\"http:\/\/dx.doi.org\/10.21528\/lnlm-vol9-no2-art4\">10.21528\/lmln-vol9-no2-art4<\/a><\/p>\n<p><strong>Artigo em PDF:<\/strong> <a href=\"https:\/\/sbia.org.br\/lnlm\/wp-content\/uploads\/sites\/4\/2016\/07\/vol9-no2-art4.pdf\" rel=\"\">vol9-no2-art4.pdf<\/a><\/p>\n<p><strong>Arquivo BibTex:<\/strong> <a href=\"https:\/\/sbia.org.br\/lnlm\/wp-content\/uploads\/sites\/4\/2016\/07\/vol9-no2-art4.bib\" rel=\"\">vol9-no2-art4.bib<\/a><\/p>\n","protected":false},"excerpt":{"rendered":"<p>T\u00edtulo: Utiliza\u00e7\u00e3o da Pupilometria Din\u00e2mica para Identifica\u00e7\u00e3o Pessoal Baseada em Reflexos Humanos Autores: Yano, Vitor A. N.; Zimmer, Alessandro; Ferrari, Giselle L. Resumo: T\u00e9cnicas de identifica\u00e7\u00e3o autom\u00e1tica de indiv\u00edduos baseadas em caracter\u00edsticas biom\u00e9tricas facilitam o controle de sistemas de seguran\u00e7a, <a href=\"https:\/\/sbia.org.br\/lnlm\/publicacoes\/vol9-no2\/vol9-no2-art4\/\" class=\"read-more\">Read More &#8230;<\/a><\/p>\n","protected":false},"author":1,"featured_media":0,"parent":523,"menu_order":0,"comment_status":"closed","ping_status":"closed","template":"","meta":{"footnotes":""},"class_list":["post-532","page","type-page","status-publish","hentry"],"yoast_head":"<!-- This site is optimized with the Yoast SEO plugin v26.9 - https:\/\/yoast.com\/product\/yoast-seo-wordpress\/ -->\n<title>Utiliza\u00e7\u00e3o da Pupilometria Din\u00e2mica para Identifica\u00e7\u00e3o Pessoal Baseada em Reflexos Humanos - Learning and NonLinear Models<\/title>\n<meta name=\"robots\" content=\"index, follow, max-snippet:-1, max-image-preview:large, max-video-preview:-1\" \/>\n<link rel=\"canonical\" href=\"https:\/\/sbia.org.br\/lnlm\/publicacoes\/vol9-no2\/vol9-no2-art4\/\" \/>\n<meta property=\"og:locale\" content=\"pt_BR\" \/>\n<meta property=\"og:type\" content=\"article\" \/>\n<meta property=\"og:title\" content=\"Utiliza\u00e7\u00e3o da Pupilometria Din\u00e2mica para Identifica\u00e7\u00e3o Pessoal Baseada em Reflexos Humanos - Learning and NonLinear Models\" \/>\n<meta property=\"og:description\" content=\"T\u00edtulo: Utiliza\u00e7\u00e3o da Pupilometria Din\u00e2mica para Identifica\u00e7\u00e3o Pessoal Baseada em Reflexos Humanos Autores: Yano, Vitor A. N.; Zimmer, Alessandro; Ferrari, Giselle L. Resumo: T\u00e9cnicas de identifica\u00e7\u00e3o autom\u00e1tica de indiv\u00edduos baseadas em caracter\u00edsticas biom\u00e9tricas facilitam o controle de sistemas de seguran\u00e7a, Read More ...\" \/>\n<meta property=\"og:url\" content=\"https:\/\/sbia.org.br\/lnlm\/publicacoes\/vol9-no2\/vol9-no2-art4\/\" \/>\n<meta property=\"og:site_name\" content=\"Learning and NonLinear Models\" \/>\n<meta name=\"twitter:card\" content=\"summary_large_image\" \/>\n<meta name=\"twitter:label1\" content=\"Est. tempo de leitura\" \/>\n\t<meta name=\"twitter:data1\" content=\"1 minuto\" \/>\n<script type=\"application\/ld+json\" class=\"yoast-schema-graph\">{\"@context\":\"https:\/\/schema.org\",\"@graph\":[{\"@type\":\"WebPage\",\"@id\":\"https:\/\/sbia.org.br\/lnlm\/publicacoes\/vol9-no2\/vol9-no2-art4\/\",\"url\":\"https:\/\/sbia.org.br\/lnlm\/publicacoes\/vol9-no2\/vol9-no2-art4\/\",\"name\":\"Utiliza\u00e7\u00e3o da Pupilometria Din\u00e2mica para Identifica\u00e7\u00e3o Pessoal Baseada em Reflexos Humanos - Learning and NonLinear Models\",\"isPartOf\":{\"@id\":\"https:\/\/sbia.org.br\/lnlm\/#website\"},\"datePublished\":\"2016-07-17T21:53:52+00:00\",\"breadcrumb\":{\"@id\":\"https:\/\/sbia.org.br\/lnlm\/publicacoes\/vol9-no2\/vol9-no2-art4\/#breadcrumb\"},\"inLanguage\":\"pt-BR\",\"potentialAction\":[{\"@type\":\"ReadAction\",\"target\":[\"https:\/\/sbia.org.br\/lnlm\/publicacoes\/vol9-no2\/vol9-no2-art4\/\"]}]},{\"@type\":\"BreadcrumbList\",\"@id\":\"https:\/\/sbia.org.br\/lnlm\/publicacoes\/vol9-no2\/vol9-no2-art4\/#breadcrumb\",\"itemListElement\":[{\"@type\":\"ListItem\",\"position\":1,\"name\":\"Browse issues\",\"item\":\"https:\/\/sbia.org.br\/lnlm\/publicacoes\/\"},{\"@type\":\"ListItem\",\"position\":2,\"name\":\"Learning &#038; Nonlinear Models &#8211; L&#038;NLM &#8211; Volume 9 &#8211; N\u00famero 2\",\"item\":\"https:\/\/sbia.org.br\/lnlm\/publicacoes\/vol9-no2\/\"},{\"@type\":\"ListItem\",\"position\":3,\"name\":\"Utiliza\u00e7\u00e3o da Pupilometria Din\u00e2mica para Identifica\u00e7\u00e3o Pessoal Baseada em Reflexos Humanos\"}]},{\"@type\":\"WebSite\",\"@id\":\"https:\/\/sbia.org.br\/lnlm\/#website\",\"url\":\"https:\/\/sbia.org.br\/lnlm\/\",\"name\":\"Learning and NonLinear Models\",\"description\":\"\",\"publisher\":{\"@id\":\"https:\/\/sbia.org.br\/lnlm\/#organization\"},\"potentialAction\":[{\"@type\":\"SearchAction\",\"target\":{\"@type\":\"EntryPoint\",\"urlTemplate\":\"https:\/\/sbia.org.br\/lnlm\/?s={search_term_string}\"},\"query-input\":{\"@type\":\"PropertyValueSpecification\",\"valueRequired\":true,\"valueName\":\"search_term_string\"}}],\"inLanguage\":\"pt-BR\"},{\"@type\":\"Organization\",\"@id\":\"https:\/\/sbia.org.br\/lnlm\/#organization\",\"name\":\"Learning and NonLinear Models\",\"url\":\"https:\/\/sbia.org.br\/lnlm\/\",\"logo\":{\"@type\":\"ImageObject\",\"inLanguage\":\"pt-BR\",\"@id\":\"https:\/\/sbia.org.br\/lnlm\/#\/schema\/logo\/image\/\",\"url\":\"https:\/\/sbia.org.br\/lnlm\/wp-content\/uploads\/2021\/07\/logo-lnlm.png\",\"contentUrl\":\"https:\/\/sbia.org.br\/lnlm\/wp-content\/uploads\/2021\/07\/logo-lnlm.png\",\"width\":398,\"height\":94,\"caption\":\"Learning and NonLinear Models\"},\"image\":{\"@id\":\"https:\/\/sbia.org.br\/lnlm\/#\/schema\/logo\/image\/\"}}]}<\/script>\n<!-- \/ Yoast SEO plugin. -->","yoast_head_json":{"title":"Utiliza\u00e7\u00e3o da Pupilometria Din\u00e2mica para Identifica\u00e7\u00e3o Pessoal Baseada em Reflexos Humanos - Learning and NonLinear Models","robots":{"index":"index","follow":"follow","max-snippet":"max-snippet:-1","max-image-preview":"max-image-preview:large","max-video-preview":"max-video-preview:-1"},"canonical":"https:\/\/sbia.org.br\/lnlm\/publicacoes\/vol9-no2\/vol9-no2-art4\/","og_locale":"pt_BR","og_type":"article","og_title":"Utiliza\u00e7\u00e3o da Pupilometria Din\u00e2mica para Identifica\u00e7\u00e3o Pessoal Baseada em Reflexos Humanos - Learning and NonLinear Models","og_description":"T\u00edtulo: Utiliza\u00e7\u00e3o da Pupilometria Din\u00e2mica para Identifica\u00e7\u00e3o Pessoal Baseada em Reflexos Humanos Autores: Yano, Vitor A. N.; Zimmer, Alessandro; Ferrari, Giselle L. Resumo: T\u00e9cnicas de identifica\u00e7\u00e3o autom\u00e1tica de indiv\u00edduos baseadas em caracter\u00edsticas biom\u00e9tricas facilitam o controle de sistemas de seguran\u00e7a, Read More ...","og_url":"https:\/\/sbia.org.br\/lnlm\/publicacoes\/vol9-no2\/vol9-no2-art4\/","og_site_name":"Learning and NonLinear Models","twitter_card":"summary_large_image","twitter_misc":{"Est. tempo de leitura":"1 minuto"},"schema":{"@context":"https:\/\/schema.org","@graph":[{"@type":"WebPage","@id":"https:\/\/sbia.org.br\/lnlm\/publicacoes\/vol9-no2\/vol9-no2-art4\/","url":"https:\/\/sbia.org.br\/lnlm\/publicacoes\/vol9-no2\/vol9-no2-art4\/","name":"Utiliza\u00e7\u00e3o da Pupilometria Din\u00e2mica para Identifica\u00e7\u00e3o Pessoal Baseada em Reflexos Humanos - Learning and NonLinear Models","isPartOf":{"@id":"https:\/\/sbia.org.br\/lnlm\/#website"},"datePublished":"2016-07-17T21:53:52+00:00","breadcrumb":{"@id":"https:\/\/sbia.org.br\/lnlm\/publicacoes\/vol9-no2\/vol9-no2-art4\/#breadcrumb"},"inLanguage":"pt-BR","potentialAction":[{"@type":"ReadAction","target":["https:\/\/sbia.org.br\/lnlm\/publicacoes\/vol9-no2\/vol9-no2-art4\/"]}]},{"@type":"BreadcrumbList","@id":"https:\/\/sbia.org.br\/lnlm\/publicacoes\/vol9-no2\/vol9-no2-art4\/#breadcrumb","itemListElement":[{"@type":"ListItem","position":1,"name":"Browse issues","item":"https:\/\/sbia.org.br\/lnlm\/publicacoes\/"},{"@type":"ListItem","position":2,"name":"Learning &#038; Nonlinear Models &#8211; L&#038;NLM &#8211; Volume 9 &#8211; N\u00famero 2","item":"https:\/\/sbia.org.br\/lnlm\/publicacoes\/vol9-no2\/"},{"@type":"ListItem","position":3,"name":"Utiliza\u00e7\u00e3o da Pupilometria Din\u00e2mica para Identifica\u00e7\u00e3o Pessoal Baseada em Reflexos Humanos"}]},{"@type":"WebSite","@id":"https:\/\/sbia.org.br\/lnlm\/#website","url":"https:\/\/sbia.org.br\/lnlm\/","name":"Learning and NonLinear Models","description":"","publisher":{"@id":"https:\/\/sbia.org.br\/lnlm\/#organization"},"potentialAction":[{"@type":"SearchAction","target":{"@type":"EntryPoint","urlTemplate":"https:\/\/sbia.org.br\/lnlm\/?s={search_term_string}"},"query-input":{"@type":"PropertyValueSpecification","valueRequired":true,"valueName":"search_term_string"}}],"inLanguage":"pt-BR"},{"@type":"Organization","@id":"https:\/\/sbia.org.br\/lnlm\/#organization","name":"Learning and NonLinear Models","url":"https:\/\/sbia.org.br\/lnlm\/","logo":{"@type":"ImageObject","inLanguage":"pt-BR","@id":"https:\/\/sbia.org.br\/lnlm\/#\/schema\/logo\/image\/","url":"https:\/\/sbia.org.br\/lnlm\/wp-content\/uploads\/2021\/07\/logo-lnlm.png","contentUrl":"https:\/\/sbia.org.br\/lnlm\/wp-content\/uploads\/2021\/07\/logo-lnlm.png","width":398,"height":94,"caption":"Learning and NonLinear Models"},"image":{"@id":"https:\/\/sbia.org.br\/lnlm\/#\/schema\/logo\/image\/"}}]}},"_links":{"self":[{"href":"https:\/\/sbia.org.br\/lnlm\/wp-json\/wp\/v2\/pages\/532","targetHints":{"allow":["GET"]}}],"collection":[{"href":"https:\/\/sbia.org.br\/lnlm\/wp-json\/wp\/v2\/pages"}],"about":[{"href":"https:\/\/sbia.org.br\/lnlm\/wp-json\/wp\/v2\/types\/page"}],"author":[{"embeddable":true,"href":"https:\/\/sbia.org.br\/lnlm\/wp-json\/wp\/v2\/users\/1"}],"replies":[{"embeddable":true,"href":"https:\/\/sbia.org.br\/lnlm\/wp-json\/wp\/v2\/comments?post=532"}],"version-history":[{"count":0,"href":"https:\/\/sbia.org.br\/lnlm\/wp-json\/wp\/v2\/pages\/532\/revisions"}],"up":[{"embeddable":true,"href":"https:\/\/sbia.org.br\/lnlm\/wp-json\/wp\/v2\/pages\/523"}],"wp:attachment":[{"href":"https:\/\/sbia.org.br\/lnlm\/wp-json\/wp\/v2\/media?parent=532"}],"curies":[{"name":"wp","href":"https:\/\/api.w.org\/{rel}","templated":true}]}}