{"id":451,"date":"2016-07-16T19:22:40","date_gmt":"2016-07-16T22:22:40","guid":{"rendered":"https:\/\/sbia.org.br\/lnlm\/?page_id=451"},"modified":"2016-07-16T19:22:40","modified_gmt":"2016-07-16T22:22:40","slug":"vol7-no2-art1","status":"publish","type":"page","link":"https:\/\/sbia.org.br\/lnlm\/publicacoes\/vol7-no2\/vol7-no2-art1\/","title":{"rendered":"Uma Metodologia para Valida\u00e7\u00e3o Fotom\u00e9trica em Sistemas Interativos Visuais Baseada em Intelig\u00eancia Computacional"},"content":{"rendered":"<p><strong>T\u00edtulo:<\/strong> Uma Metodologia para Valida\u00e7\u00e3o Fotom\u00e9trica em Sistemas Interativos Visuais Baseada em Intelig\u00eancia Computacional<\/p>\n<p><strong>Autores:<\/strong> Faria, Alexandre W. C.; Lara, Daniel S. D.; Ara\u00fajo, Arnaldo de A.; Menotti, David<\/p>\n<p align=\"justify\"><strong>Resumo:<\/strong> Neste artigo, \u00e9 apresentada uma metodologia autom\u00e1tica para a valida\u00e7\u00e3o fotom\u00e9trica em sistemas de ilumina\u00e7\u00e3o interna veicular. Nessa metodologia, prop\u00f5e-se um m\u00e9todo para extra\u00e7\u00e3o de descritores de homogeneidade de cada regi\u00e3o de avalia\u00e7\u00e3o. A percep\u00e7\u00e3o visual humana, representada pela avalia\u00e7\u00e3o do usu\u00e1rio, \u00e9 usada para classificar as regi\u00f5es em homog\u00eaneas e n\u00e3o-homog\u00eaneas. Dois algoritmos de aprendizado de m\u00e1quina (Redes neurais e Support Vector Machine) s\u00e3o usados para a classifica\u00e7\u00e3o de regi\u00f5es visando identificar quais as melhores configura\u00e7\u00f5es de descritores ir\u00e1 representar a percep\u00e7\u00e3o do usu\u00e1rio em rela\u00e7\u00e3o \u00e0 homogeneidade da ilumina\u00e7\u00e3o dos sistemas de intera\u00e7\u00e3o com o motorista. Resultados experimentais mostram que a metodologia proposta consegue diferenciar regi\u00f5es homog\u00eaneas de n\u00e3o-homog\u00eaneas com precis\u00e3o superior \u00e0 90%.<\/p>\n<p><strong>Palavras-chave:<\/strong> Homogeneidade; segmenta\u00e7\u00e3o; classifica\u00e7\u00e3o de padr\u00f5es; avalia\u00e7\u00e3o com usu\u00e1rio; aprendizado de m\u00e1quina<\/p>\n<p><strong>P\u00e1ginas:<\/strong> 7<\/p>\n<p><strong>C\u00f3digo DOI:<\/strong> <a href=\"http:\/\/dx.doi.org\/10.21528\/lnlm-vol7-no2-art1\">10.21528\/lmln-vol7-no2-art1<\/a><\/p>\n<p><strong>Artigo em PDF:<\/strong> <a href=\"https:\/\/sbia.org.br\/lnlm\/wp-content\/uploads\/sites\/4\/2016\/07\/vol7-no2-art1.pdf\" rel=\"\">vol7-no2-art1.pdf<\/a><\/p>\n<p><strong>Arquivo BibTex:<\/strong> <a href=\"https:\/\/sbia.org.br\/lnlm\/wp-content\/uploads\/sites\/4\/2016\/07\/vol7-no2-art1.bib\" rel=\"\">vol7-no2-art1.bib<\/a><\/p>\n","protected":false},"excerpt":{"rendered":"<p>T\u00edtulo: Uma Metodologia para Valida\u00e7\u00e3o Fotom\u00e9trica em Sistemas Interativos Visuais Baseada em Intelig\u00eancia Computacional Autores: Faria, Alexandre W. C.; Lara, Daniel S. D.; Ara\u00fajo, Arnaldo de A.; Menotti, David Resumo: Neste artigo, \u00e9 apresentada uma metodologia autom\u00e1tica para a valida\u00e7\u00e3o <a href=\"https:\/\/sbia.org.br\/lnlm\/publicacoes\/vol7-no2\/vol7-no2-art1\/\" class=\"read-more\">Read More &#8230;<\/a><\/p>\n","protected":false},"author":1,"featured_media":0,"parent":449,"menu_order":0,"comment_status":"closed","ping_status":"closed","template":"","meta":{"footnotes":""},"class_list":["post-451","page","type-page","status-publish","hentry"],"yoast_head":"<!-- This site is optimized with the Yoast SEO plugin v26.9 - https:\/\/yoast.com\/product\/yoast-seo-wordpress\/ -->\n<title>Uma Metodologia para Valida\u00e7\u00e3o Fotom\u00e9trica em Sistemas Interativos Visuais Baseada em Intelig\u00eancia Computacional - Learning and NonLinear Models<\/title>\n<meta name=\"robots\" content=\"index, follow, max-snippet:-1, max-image-preview:large, max-video-preview:-1\" \/>\n<link rel=\"canonical\" href=\"https:\/\/sbia.org.br\/lnlm\/publicacoes\/vol7-no2\/vol7-no2-art1\/\" \/>\n<meta property=\"og:locale\" content=\"pt_BR\" \/>\n<meta property=\"og:type\" content=\"article\" \/>\n<meta property=\"og:title\" content=\"Uma Metodologia para Valida\u00e7\u00e3o Fotom\u00e9trica em Sistemas Interativos Visuais Baseada em Intelig\u00eancia Computacional - Learning and NonLinear Models\" \/>\n<meta property=\"og:description\" content=\"T\u00edtulo: Uma Metodologia para Valida\u00e7\u00e3o Fotom\u00e9trica em Sistemas Interativos Visuais Baseada em Intelig\u00eancia Computacional Autores: Faria, Alexandre W. C.; Lara, Daniel S. D.; Ara\u00fajo, Arnaldo de A.; Menotti, David Resumo: Neste artigo, \u00e9 apresentada uma metodologia autom\u00e1tica para a valida\u00e7\u00e3o Read More ...\" \/>\n<meta property=\"og:url\" content=\"https:\/\/sbia.org.br\/lnlm\/publicacoes\/vol7-no2\/vol7-no2-art1\/\" \/>\n<meta property=\"og:site_name\" content=\"Learning and NonLinear Models\" \/>\n<meta name=\"twitter:card\" content=\"summary_large_image\" \/>\n<meta name=\"twitter:label1\" content=\"Est. tempo de leitura\" \/>\n\t<meta name=\"twitter:data1\" content=\"1 minuto\" \/>\n<script type=\"application\/ld+json\" class=\"yoast-schema-graph\">{\"@context\":\"https:\/\/schema.org\",\"@graph\":[{\"@type\":\"WebPage\",\"@id\":\"https:\/\/sbia.org.br\/lnlm\/publicacoes\/vol7-no2\/vol7-no2-art1\/\",\"url\":\"https:\/\/sbia.org.br\/lnlm\/publicacoes\/vol7-no2\/vol7-no2-art1\/\",\"name\":\"Uma Metodologia para Valida\u00e7\u00e3o Fotom\u00e9trica em Sistemas Interativos Visuais Baseada em Intelig\u00eancia Computacional - Learning and NonLinear Models\",\"isPartOf\":{\"@id\":\"https:\/\/sbia.org.br\/lnlm\/#website\"},\"datePublished\":\"2016-07-16T22:22:40+00:00\",\"breadcrumb\":{\"@id\":\"https:\/\/sbia.org.br\/lnlm\/publicacoes\/vol7-no2\/vol7-no2-art1\/#breadcrumb\"},\"inLanguage\":\"pt-BR\",\"potentialAction\":[{\"@type\":\"ReadAction\",\"target\":[\"https:\/\/sbia.org.br\/lnlm\/publicacoes\/vol7-no2\/vol7-no2-art1\/\"]}]},{\"@type\":\"BreadcrumbList\",\"@id\":\"https:\/\/sbia.org.br\/lnlm\/publicacoes\/vol7-no2\/vol7-no2-art1\/#breadcrumb\",\"itemListElement\":[{\"@type\":\"ListItem\",\"position\":1,\"name\":\"Browse issues\",\"item\":\"https:\/\/sbia.org.br\/lnlm\/publicacoes\/\"},{\"@type\":\"ListItem\",\"position\":2,\"name\":\"Learning &#038; Nonlinear Models &#8211; L&#038;NLM &#8211; Volume 7 &#8211; N\u00famero 2\",\"item\":\"https:\/\/sbia.org.br\/lnlm\/publicacoes\/vol7-no2\/\"},{\"@type\":\"ListItem\",\"position\":3,\"name\":\"Uma Metodologia para Valida\u00e7\u00e3o Fotom\u00e9trica em Sistemas Interativos Visuais Baseada em Intelig\u00eancia Computacional\"}]},{\"@type\":\"WebSite\",\"@id\":\"https:\/\/sbia.org.br\/lnlm\/#website\",\"url\":\"https:\/\/sbia.org.br\/lnlm\/\",\"name\":\"Learning and NonLinear Models\",\"description\":\"\",\"publisher\":{\"@id\":\"https:\/\/sbia.org.br\/lnlm\/#organization\"},\"potentialAction\":[{\"@type\":\"SearchAction\",\"target\":{\"@type\":\"EntryPoint\",\"urlTemplate\":\"https:\/\/sbia.org.br\/lnlm\/?s={search_term_string}\"},\"query-input\":{\"@type\":\"PropertyValueSpecification\",\"valueRequired\":true,\"valueName\":\"search_term_string\"}}],\"inLanguage\":\"pt-BR\"},{\"@type\":\"Organization\",\"@id\":\"https:\/\/sbia.org.br\/lnlm\/#organization\",\"name\":\"Learning and NonLinear Models\",\"url\":\"https:\/\/sbia.org.br\/lnlm\/\",\"logo\":{\"@type\":\"ImageObject\",\"inLanguage\":\"pt-BR\",\"@id\":\"https:\/\/sbia.org.br\/lnlm\/#\/schema\/logo\/image\/\",\"url\":\"https:\/\/sbia.org.br\/lnlm\/wp-content\/uploads\/2021\/07\/logo-lnlm.png\",\"contentUrl\":\"https:\/\/sbia.org.br\/lnlm\/wp-content\/uploads\/2021\/07\/logo-lnlm.png\",\"width\":398,\"height\":94,\"caption\":\"Learning and NonLinear Models\"},\"image\":{\"@id\":\"https:\/\/sbia.org.br\/lnlm\/#\/schema\/logo\/image\/\"}}]}<\/script>\n<!-- \/ Yoast SEO plugin. -->","yoast_head_json":{"title":"Uma Metodologia para Valida\u00e7\u00e3o Fotom\u00e9trica em Sistemas Interativos Visuais Baseada em Intelig\u00eancia Computacional - Learning and NonLinear Models","robots":{"index":"index","follow":"follow","max-snippet":"max-snippet:-1","max-image-preview":"max-image-preview:large","max-video-preview":"max-video-preview:-1"},"canonical":"https:\/\/sbia.org.br\/lnlm\/publicacoes\/vol7-no2\/vol7-no2-art1\/","og_locale":"pt_BR","og_type":"article","og_title":"Uma Metodologia para Valida\u00e7\u00e3o Fotom\u00e9trica em Sistemas Interativos Visuais Baseada em Intelig\u00eancia Computacional - Learning and NonLinear Models","og_description":"T\u00edtulo: Uma Metodologia para Valida\u00e7\u00e3o Fotom\u00e9trica em Sistemas Interativos Visuais Baseada em Intelig\u00eancia Computacional Autores: Faria, Alexandre W. C.; Lara, Daniel S. D.; Ara\u00fajo, Arnaldo de A.; Menotti, David Resumo: Neste artigo, \u00e9 apresentada uma metodologia autom\u00e1tica para a valida\u00e7\u00e3o Read More ...","og_url":"https:\/\/sbia.org.br\/lnlm\/publicacoes\/vol7-no2\/vol7-no2-art1\/","og_site_name":"Learning and NonLinear Models","twitter_card":"summary_large_image","twitter_misc":{"Est. tempo de leitura":"1 minuto"},"schema":{"@context":"https:\/\/schema.org","@graph":[{"@type":"WebPage","@id":"https:\/\/sbia.org.br\/lnlm\/publicacoes\/vol7-no2\/vol7-no2-art1\/","url":"https:\/\/sbia.org.br\/lnlm\/publicacoes\/vol7-no2\/vol7-no2-art1\/","name":"Uma Metodologia para Valida\u00e7\u00e3o Fotom\u00e9trica em Sistemas Interativos Visuais Baseada em Intelig\u00eancia Computacional - Learning and NonLinear Models","isPartOf":{"@id":"https:\/\/sbia.org.br\/lnlm\/#website"},"datePublished":"2016-07-16T22:22:40+00:00","breadcrumb":{"@id":"https:\/\/sbia.org.br\/lnlm\/publicacoes\/vol7-no2\/vol7-no2-art1\/#breadcrumb"},"inLanguage":"pt-BR","potentialAction":[{"@type":"ReadAction","target":["https:\/\/sbia.org.br\/lnlm\/publicacoes\/vol7-no2\/vol7-no2-art1\/"]}]},{"@type":"BreadcrumbList","@id":"https:\/\/sbia.org.br\/lnlm\/publicacoes\/vol7-no2\/vol7-no2-art1\/#breadcrumb","itemListElement":[{"@type":"ListItem","position":1,"name":"Browse issues","item":"https:\/\/sbia.org.br\/lnlm\/publicacoes\/"},{"@type":"ListItem","position":2,"name":"Learning &#038; Nonlinear Models &#8211; L&#038;NLM &#8211; Volume 7 &#8211; N\u00famero 2","item":"https:\/\/sbia.org.br\/lnlm\/publicacoes\/vol7-no2\/"},{"@type":"ListItem","position":3,"name":"Uma Metodologia para Valida\u00e7\u00e3o Fotom\u00e9trica em Sistemas Interativos Visuais Baseada em Intelig\u00eancia Computacional"}]},{"@type":"WebSite","@id":"https:\/\/sbia.org.br\/lnlm\/#website","url":"https:\/\/sbia.org.br\/lnlm\/","name":"Learning and NonLinear Models","description":"","publisher":{"@id":"https:\/\/sbia.org.br\/lnlm\/#organization"},"potentialAction":[{"@type":"SearchAction","target":{"@type":"EntryPoint","urlTemplate":"https:\/\/sbia.org.br\/lnlm\/?s={search_term_string}"},"query-input":{"@type":"PropertyValueSpecification","valueRequired":true,"valueName":"search_term_string"}}],"inLanguage":"pt-BR"},{"@type":"Organization","@id":"https:\/\/sbia.org.br\/lnlm\/#organization","name":"Learning and NonLinear Models","url":"https:\/\/sbia.org.br\/lnlm\/","logo":{"@type":"ImageObject","inLanguage":"pt-BR","@id":"https:\/\/sbia.org.br\/lnlm\/#\/schema\/logo\/image\/","url":"https:\/\/sbia.org.br\/lnlm\/wp-content\/uploads\/2021\/07\/logo-lnlm.png","contentUrl":"https:\/\/sbia.org.br\/lnlm\/wp-content\/uploads\/2021\/07\/logo-lnlm.png","width":398,"height":94,"caption":"Learning and NonLinear Models"},"image":{"@id":"https:\/\/sbia.org.br\/lnlm\/#\/schema\/logo\/image\/"}}]}},"_links":{"self":[{"href":"https:\/\/sbia.org.br\/lnlm\/wp-json\/wp\/v2\/pages\/451","targetHints":{"allow":["GET"]}}],"collection":[{"href":"https:\/\/sbia.org.br\/lnlm\/wp-json\/wp\/v2\/pages"}],"about":[{"href":"https:\/\/sbia.org.br\/lnlm\/wp-json\/wp\/v2\/types\/page"}],"author":[{"embeddable":true,"href":"https:\/\/sbia.org.br\/lnlm\/wp-json\/wp\/v2\/users\/1"}],"replies":[{"embeddable":true,"href":"https:\/\/sbia.org.br\/lnlm\/wp-json\/wp\/v2\/comments?post=451"}],"version-history":[{"count":0,"href":"https:\/\/sbia.org.br\/lnlm\/wp-json\/wp\/v2\/pages\/451\/revisions"}],"up":[{"embeddable":true,"href":"https:\/\/sbia.org.br\/lnlm\/wp-json\/wp\/v2\/pages\/449"}],"wp:attachment":[{"href":"https:\/\/sbia.org.br\/lnlm\/wp-json\/wp\/v2\/media?parent=451"}],"curies":[{"name":"wp","href":"https:\/\/api.w.org\/{rel}","templated":true}]}}