{"id":376,"date":"2016-07-14T15:17:19","date_gmt":"2016-07-14T18:17:19","guid":{"rendered":"https:\/\/sbia.org.br\/lnlm\/?page_id=376"},"modified":"2016-07-14T15:17:19","modified_gmt":"2016-07-14T18:17:19","slug":"vol5-no1","status":"publish","type":"page","link":"https:\/\/sbia.org.br\/lnlm\/publicacoes\/vol5-no1\/","title":{"rendered":"Learning &#038; Nonlinear Models &#8211; L&#038;NLM &#8211; Volume 5 &#8211; N\u00famero 1"},"content":{"rendered":"<p>Volume 5 &#8211; N\u00famero 1 &#8211; 2007<\/p>\n<p>&nbsp;<br \/>\n<a href=\"https:\/\/sbia.org.br\/lnlm\/vol5-no1\/vol5-no1-art1\" target=\"_blank\" rel=\"noopener\">Artigo 1 &#8211; A NEW HEURISTIC PROCEDURE TO SOLVE THE TRAVELING SALESMAN PROBLEM<\/a><\/p>\n<ul>\n<ul>Paulo Henrique Siqueira; S\u00e9rgio Scheer; Maria Teresinha Arns Steiner<\/ul>\n<\/ul>\n<p>&nbsp;<br \/>\n<a href=\"https:\/\/sbia.org.br\/lnlm\/vol5-no1\/vol5-no1-art2\" target=\"_blank\" rel=\"noopener\">Artigo 2 &#8211; CLASSIFICA\u00c7\u00c3O NEURAL DE SINAIS DE SONAR PASSIVO COM BASE EM COMPONENTES INDEPENDENTES<\/a><\/p>\n<ul>\n<ul>Natanael Nunes de Moura; J. M. Seixas; William Soares Filho<\/ul>\n<\/ul>\n<p>&nbsp;<br \/>\n<a href=\"https:\/\/sbia.org.br\/lnlm\/vol5-no1\/vol5-no1-art3\" target=\"_blank\" rel=\"noopener\">Artigo 3 &#8211; MORPHOLOGICAL IDENTIFICATION OF INDUCTIVE SIGNATURES USING AN ADAPTIVE RESONANCE THEORY BASED LEARNING SCHEME<\/a><\/p>\n<ul>\n<ul>Glauston R. Teixeira de Lima; Jos\u00e9 Dem\u00edsio S. Silva; Osamu Saotome<\/ul>\n<\/ul>\n<p>&nbsp;<br \/>\n<a href=\"https:\/\/sbia.org.br\/lnlm\/vol5-no1\/vol5-no1-art4\" target=\"_blank\" rel=\"noopener\">Artigo 4 &#8211; MODELO ADAPTATIVO BASEADO EM REGRAS NEBULOSAS APLICADO \u00c0 PREVIS\u00c3O DE S\u00c9RIES TEMPORAIS<\/a><\/p>\n<ul>\n<ul>Ivette Luna; Secundino Soares; Ros\u00e2ngela Ballini<\/ul>\n<\/ul>\n<p>&nbsp;<br \/>\n<a href=\"https:\/\/sbia.org.br\/lnlm\/vol5-no1\/vol5-no1-art5\" target=\"_blank\" rel=\"noopener\">Artigo 5 &#8211; APLICA\u00c7\u00c3O DA COMPUTA\u00c7\u00c3O EVOLUCION\u00c1RIA NA OTIMIZA\u00c7\u00c3O DE CONFIABILIDADE DE SISTEMAS<\/a><\/p>\n<ul>\n<ul>Marcia F. P. Salgado; Adriano C. Lisboa; Rodney R. Saldanha; Walmir M. Caminhas; Benjamim R. de Menezes<\/ul>\n<\/ul>\n","protected":false},"excerpt":{"rendered":"<p>Volume 5 &#8211; N\u00famero 1 &#8211; 2007 &nbsp; Artigo 1 &#8211; A NEW HEURISTIC PROCEDURE TO SOLVE THE TRAVELING SALESMAN PROBLEM Paulo Henrique Siqueira; S\u00e9rgio Scheer; Maria Teresinha Arns Steiner &nbsp; Artigo 2 &#8211; CLASSIFICA\u00c7\u00c3O NEURAL DE SINAIS DE SONAR <a href=\"https:\/\/sbia.org.br\/lnlm\/publicacoes\/vol5-no1\/\" class=\"read-more\">Read More &#8230;<\/a><\/p>\n","protected":false},"author":1,"featured_media":0,"parent":23,"menu_order":0,"comment_status":"closed","ping_status":"closed","template":"","meta":{"footnotes":""},"class_list":["post-376","page","type-page","status-publish","hentry"],"yoast_head":"<!-- This site is optimized with the Yoast SEO plugin v26.9 - https:\/\/yoast.com\/product\/yoast-seo-wordpress\/ -->\n<title>Learning &amp; Nonlinear Models - L&amp;NLM - Volume 5 - N\u00famero 1 - Learning and NonLinear Models<\/title>\n<meta name=\"robots\" content=\"index, follow, max-snippet:-1, max-image-preview:large, max-video-preview:-1\" \/>\n<link rel=\"canonical\" href=\"https:\/\/sbia.org.br\/lnlm\/publicacoes\/vol5-no1\/\" \/>\n<meta property=\"og:locale\" content=\"pt_BR\" \/>\n<meta property=\"og:type\" content=\"article\" \/>\n<meta property=\"og:title\" content=\"Learning &amp; Nonlinear Models - L&amp;NLM - Volume 5 - N\u00famero 1 - Learning and NonLinear Models\" \/>\n<meta property=\"og:description\" content=\"Volume 5 &#8211; N\u00famero 1 &#8211; 2007 &nbsp; Artigo 1 &#8211; A NEW HEURISTIC PROCEDURE TO SOLVE THE TRAVELING SALESMAN PROBLEM Paulo Henrique Siqueira; S\u00e9rgio Scheer; Maria Teresinha Arns Steiner &nbsp; Artigo 2 &#8211; CLASSIFICA\u00c7\u00c3O NEURAL DE SINAIS DE SONAR Read More ...\" \/>\n<meta property=\"og:url\" content=\"https:\/\/sbia.org.br\/lnlm\/publicacoes\/vol5-no1\/\" \/>\n<meta property=\"og:site_name\" content=\"Learning and NonLinear Models\" \/>\n<meta name=\"twitter:card\" content=\"summary_large_image\" \/>\n<meta name=\"twitter:label1\" content=\"Est. tempo de leitura\" \/>\n\t<meta name=\"twitter:data1\" content=\"1 minuto\" \/>\n<script type=\"application\/ld+json\" class=\"yoast-schema-graph\">{\"@context\":\"https:\/\/schema.org\",\"@graph\":[{\"@type\":\"WebPage\",\"@id\":\"https:\/\/sbia.org.br\/lnlm\/publicacoes\/vol5-no1\/\",\"url\":\"https:\/\/sbia.org.br\/lnlm\/publicacoes\/vol5-no1\/\",\"name\":\"Learning & Nonlinear Models - L&NLM - Volume 5 - N\u00famero 1 - Learning and NonLinear Models\",\"isPartOf\":{\"@id\":\"https:\/\/sbia.org.br\/lnlm\/#website\"},\"datePublished\":\"2016-07-14T18:17:19+00:00\",\"breadcrumb\":{\"@id\":\"https:\/\/sbia.org.br\/lnlm\/publicacoes\/vol5-no1\/#breadcrumb\"},\"inLanguage\":\"pt-BR\",\"potentialAction\":[{\"@type\":\"ReadAction\",\"target\":[\"https:\/\/sbia.org.br\/lnlm\/publicacoes\/vol5-no1\/\"]}]},{\"@type\":\"BreadcrumbList\",\"@id\":\"https:\/\/sbia.org.br\/lnlm\/publicacoes\/vol5-no1\/#breadcrumb\",\"itemListElement\":[{\"@type\":\"ListItem\",\"position\":1,\"name\":\"Browse issues\",\"item\":\"https:\/\/sbia.org.br\/lnlm\/publicacoes\/\"},{\"@type\":\"ListItem\",\"position\":2,\"name\":\"Learning &#038; Nonlinear Models &#8211; L&#038;NLM &#8211; Volume 5 &#8211; N\u00famero 1\"}]},{\"@type\":\"WebSite\",\"@id\":\"https:\/\/sbia.org.br\/lnlm\/#website\",\"url\":\"https:\/\/sbia.org.br\/lnlm\/\",\"name\":\"Learning and NonLinear Models\",\"description\":\"\",\"publisher\":{\"@id\":\"https:\/\/sbia.org.br\/lnlm\/#organization\"},\"potentialAction\":[{\"@type\":\"SearchAction\",\"target\":{\"@type\":\"EntryPoint\",\"urlTemplate\":\"https:\/\/sbia.org.br\/lnlm\/?s={search_term_string}\"},\"query-input\":{\"@type\":\"PropertyValueSpecification\",\"valueRequired\":true,\"valueName\":\"search_term_string\"}}],\"inLanguage\":\"pt-BR\"},{\"@type\":\"Organization\",\"@id\":\"https:\/\/sbia.org.br\/lnlm\/#organization\",\"name\":\"Learning and NonLinear Models\",\"url\":\"https:\/\/sbia.org.br\/lnlm\/\",\"logo\":{\"@type\":\"ImageObject\",\"inLanguage\":\"pt-BR\",\"@id\":\"https:\/\/sbia.org.br\/lnlm\/#\/schema\/logo\/image\/\",\"url\":\"https:\/\/sbia.org.br\/lnlm\/wp-content\/uploads\/2021\/07\/logo-lnlm.png\",\"contentUrl\":\"https:\/\/sbia.org.br\/lnlm\/wp-content\/uploads\/2021\/07\/logo-lnlm.png\",\"width\":398,\"height\":94,\"caption\":\"Learning and NonLinear Models\"},\"image\":{\"@id\":\"https:\/\/sbia.org.br\/lnlm\/#\/schema\/logo\/image\/\"}}]}<\/script>\n<!-- \/ Yoast SEO plugin. -->","yoast_head_json":{"title":"Learning & Nonlinear Models - L&NLM - Volume 5 - N\u00famero 1 - Learning and NonLinear Models","robots":{"index":"index","follow":"follow","max-snippet":"max-snippet:-1","max-image-preview":"max-image-preview:large","max-video-preview":"max-video-preview:-1"},"canonical":"https:\/\/sbia.org.br\/lnlm\/publicacoes\/vol5-no1\/","og_locale":"pt_BR","og_type":"article","og_title":"Learning & Nonlinear Models - L&NLM - Volume 5 - N\u00famero 1 - Learning and NonLinear Models","og_description":"Volume 5 &#8211; N\u00famero 1 &#8211; 2007 &nbsp; Artigo 1 &#8211; A NEW HEURISTIC PROCEDURE TO SOLVE THE TRAVELING SALESMAN PROBLEM Paulo Henrique Siqueira; S\u00e9rgio Scheer; Maria Teresinha Arns Steiner &nbsp; Artigo 2 &#8211; CLASSIFICA\u00c7\u00c3O NEURAL DE SINAIS DE SONAR Read More ...","og_url":"https:\/\/sbia.org.br\/lnlm\/publicacoes\/vol5-no1\/","og_site_name":"Learning and NonLinear Models","twitter_card":"summary_large_image","twitter_misc":{"Est. tempo de leitura":"1 minuto"},"schema":{"@context":"https:\/\/schema.org","@graph":[{"@type":"WebPage","@id":"https:\/\/sbia.org.br\/lnlm\/publicacoes\/vol5-no1\/","url":"https:\/\/sbia.org.br\/lnlm\/publicacoes\/vol5-no1\/","name":"Learning & Nonlinear Models - L&NLM - Volume 5 - N\u00famero 1 - Learning and NonLinear Models","isPartOf":{"@id":"https:\/\/sbia.org.br\/lnlm\/#website"},"datePublished":"2016-07-14T18:17:19+00:00","breadcrumb":{"@id":"https:\/\/sbia.org.br\/lnlm\/publicacoes\/vol5-no1\/#breadcrumb"},"inLanguage":"pt-BR","potentialAction":[{"@type":"ReadAction","target":["https:\/\/sbia.org.br\/lnlm\/publicacoes\/vol5-no1\/"]}]},{"@type":"BreadcrumbList","@id":"https:\/\/sbia.org.br\/lnlm\/publicacoes\/vol5-no1\/#breadcrumb","itemListElement":[{"@type":"ListItem","position":1,"name":"Browse issues","item":"https:\/\/sbia.org.br\/lnlm\/publicacoes\/"},{"@type":"ListItem","position":2,"name":"Learning &#038; Nonlinear Models &#8211; L&#038;NLM &#8211; Volume 5 &#8211; N\u00famero 1"}]},{"@type":"WebSite","@id":"https:\/\/sbia.org.br\/lnlm\/#website","url":"https:\/\/sbia.org.br\/lnlm\/","name":"Learning and NonLinear Models","description":"","publisher":{"@id":"https:\/\/sbia.org.br\/lnlm\/#organization"},"potentialAction":[{"@type":"SearchAction","target":{"@type":"EntryPoint","urlTemplate":"https:\/\/sbia.org.br\/lnlm\/?s={search_term_string}"},"query-input":{"@type":"PropertyValueSpecification","valueRequired":true,"valueName":"search_term_string"}}],"inLanguage":"pt-BR"},{"@type":"Organization","@id":"https:\/\/sbia.org.br\/lnlm\/#organization","name":"Learning and NonLinear Models","url":"https:\/\/sbia.org.br\/lnlm\/","logo":{"@type":"ImageObject","inLanguage":"pt-BR","@id":"https:\/\/sbia.org.br\/lnlm\/#\/schema\/logo\/image\/","url":"https:\/\/sbia.org.br\/lnlm\/wp-content\/uploads\/2021\/07\/logo-lnlm.png","contentUrl":"https:\/\/sbia.org.br\/lnlm\/wp-content\/uploads\/2021\/07\/logo-lnlm.png","width":398,"height":94,"caption":"Learning and NonLinear Models"},"image":{"@id":"https:\/\/sbia.org.br\/lnlm\/#\/schema\/logo\/image\/"}}]}},"_links":{"self":[{"href":"https:\/\/sbia.org.br\/lnlm\/wp-json\/wp\/v2\/pages\/376","targetHints":{"allow":["GET"]}}],"collection":[{"href":"https:\/\/sbia.org.br\/lnlm\/wp-json\/wp\/v2\/pages"}],"about":[{"href":"https:\/\/sbia.org.br\/lnlm\/wp-json\/wp\/v2\/types\/page"}],"author":[{"embeddable":true,"href":"https:\/\/sbia.org.br\/lnlm\/wp-json\/wp\/v2\/users\/1"}],"replies":[{"embeddable":true,"href":"https:\/\/sbia.org.br\/lnlm\/wp-json\/wp\/v2\/comments?post=376"}],"version-history":[{"count":0,"href":"https:\/\/sbia.org.br\/lnlm\/wp-json\/wp\/v2\/pages\/376\/revisions"}],"up":[{"embeddable":true,"href":"https:\/\/sbia.org.br\/lnlm\/wp-json\/wp\/v2\/pages\/23"}],"wp:attachment":[{"href":"https:\/\/sbia.org.br\/lnlm\/wp-json\/wp\/v2\/media?parent=376"}],"curies":[{"name":"wp","href":"https:\/\/api.w.org\/{rel}","templated":true}]}}