{"id":351,"date":"2016-07-14T14:30:34","date_gmt":"2016-07-14T17:30:34","guid":{"rendered":"https:\/\/sbia.org.br\/lnlm\/?page_id=351"},"modified":"2016-07-14T14:30:34","modified_gmt":"2016-07-14T17:30:34","slug":"vol4-no1-art2","status":"publish","type":"page","link":"https:\/\/sbia.org.br\/lnlm\/publicacoes\/vol4-no1\/vol4-no1-art2\/","title":{"rendered":"Mem\u00f3rias Associativas Nebulosas Implicativas Baseadas Em Normas Triangulares Arquimedianas"},"content":{"rendered":"<p><strong>T\u00edtulo:<\/strong> Mem\u00f3rias Associativas Nebulosas Implicativas Baseadas Em Normas Triangulares Arquimedianas<\/p>\n<p><strong>Autores:<\/strong> Valle, Marcos Eduardo; Sussner, Peter<\/p>\n<p align=\"justify\"><strong>Resumo:<\/strong> Mem\u00f3rias Associativas (AMs) s\u00e3o projetadas para armazenar associa\u00e7\u00f5es e recordar uma sa\u00edda desejada mesmo ap\u00f3s a apresenta\u00e7\u00e3o de uma vers\u00e3o incompleta ou distorcida de um padr\u00e3o de entrada. Em particular, uma Mem\u00f3ria Associativa Nebulosa Implicativa (IFAM) \u00e9 uma AM nebulosa que aplica um produto max- , onde \u00e9 uma norma triangular cont\u00ednua, na fase de recorda\u00e7\u00e3o. Esse artigo discute modelos de IFAMs que empregam normas triangulares Arquimedianas. Especificamente, \u00e9 apresentado um teorema que caracteriza completamente os padr\u00f5es recordados em termos de combina\u00e7\u00f5es de m\u00e1ximos e m\u00ednimos de vers\u00f5es transformadas dos padr\u00f5es originais.<\/p>\n<p><strong>Palavras-chave:<\/strong> Mem\u00f3rias Associativas; Teoria dos Conjuntos Nebulosos; Normas Triangulares Arquimedianas<\/p>\n<p><strong>P\u00e1ginas:<\/strong> 11<\/p>\n<p><strong>C\u00f3digo DOI:<\/strong> <a href=\"http:\/\/dx.doi.org\/10.21528\/lnlm-vol4-no1-art2\">10.21528\/lmln-vol4-no1-art2<\/a><\/p>\n<p><strong>Artigo em PDF:<\/strong> <a href=\"https:\/\/sbia.org.br\/lnlm\/wp-content\/uploads\/sites\/4\/2016\/07\/vol4-no1-art2.pdf\" rel=\"\">vol4-no1-art2.pdf<\/a><\/p>\n<p><strong>Arquivo BibTex:<\/strong> <a href=\"https:\/\/sbia.org.br\/lnlm\/wp-content\/uploads\/sites\/4\/2016\/07\/vol4-no1-art2.bib\" rel=\"\">vol4-no1-art2.bib<\/a><\/p>\n","protected":false},"excerpt":{"rendered":"<p>T\u00edtulo: Mem\u00f3rias Associativas Nebulosas Implicativas Baseadas Em Normas Triangulares Arquimedianas Autores: Valle, Marcos Eduardo; Sussner, Peter Resumo: Mem\u00f3rias Associativas (AMs) s\u00e3o projetadas para armazenar associa\u00e7\u00f5es e recordar uma sa\u00edda desejada mesmo ap\u00f3s a apresenta\u00e7\u00e3o de uma vers\u00e3o incompleta ou distorcida <a href=\"https:\/\/sbia.org.br\/lnlm\/publicacoes\/vol4-no1\/vol4-no1-art2\/\" class=\"read-more\">Read More &#8230;<\/a><\/p>\n","protected":false},"author":1,"featured_media":0,"parent":316,"menu_order":0,"comment_status":"closed","ping_status":"closed","template":"","meta":{"footnotes":""},"class_list":["post-351","page","type-page","status-publish","hentry"],"yoast_head":"<!-- This site is optimized with the Yoast SEO plugin v26.9 - https:\/\/yoast.com\/product\/yoast-seo-wordpress\/ -->\n<title>Mem\u00f3rias Associativas Nebulosas Implicativas Baseadas Em Normas Triangulares Arquimedianas - Learning and NonLinear Models<\/title>\n<meta name=\"robots\" content=\"index, follow, max-snippet:-1, max-image-preview:large, max-video-preview:-1\" \/>\n<link rel=\"canonical\" href=\"https:\/\/sbia.org.br\/lnlm\/publicacoes\/vol4-no1\/vol4-no1-art2\/\" \/>\n<meta property=\"og:locale\" content=\"pt_BR\" \/>\n<meta property=\"og:type\" content=\"article\" \/>\n<meta property=\"og:title\" content=\"Mem\u00f3rias Associativas Nebulosas Implicativas Baseadas Em Normas Triangulares Arquimedianas - Learning and NonLinear Models\" \/>\n<meta property=\"og:description\" content=\"T\u00edtulo: Mem\u00f3rias Associativas Nebulosas Implicativas Baseadas Em Normas Triangulares Arquimedianas Autores: Valle, Marcos Eduardo; Sussner, Peter Resumo: Mem\u00f3rias Associativas (AMs) s\u00e3o projetadas para armazenar associa\u00e7\u00f5es e recordar uma sa\u00edda desejada mesmo ap\u00f3s a apresenta\u00e7\u00e3o de uma vers\u00e3o incompleta ou distorcida Read More ...\" \/>\n<meta property=\"og:url\" content=\"https:\/\/sbia.org.br\/lnlm\/publicacoes\/vol4-no1\/vol4-no1-art2\/\" \/>\n<meta property=\"og:site_name\" content=\"Learning and NonLinear Models\" \/>\n<meta name=\"twitter:card\" content=\"summary_large_image\" \/>\n<meta name=\"twitter:label1\" content=\"Est. tempo de leitura\" \/>\n\t<meta name=\"twitter:data1\" content=\"1 minuto\" \/>\n<script type=\"application\/ld+json\" class=\"yoast-schema-graph\">{\"@context\":\"https:\/\/schema.org\",\"@graph\":[{\"@type\":\"WebPage\",\"@id\":\"https:\/\/sbia.org.br\/lnlm\/publicacoes\/vol4-no1\/vol4-no1-art2\/\",\"url\":\"https:\/\/sbia.org.br\/lnlm\/publicacoes\/vol4-no1\/vol4-no1-art2\/\",\"name\":\"Mem\u00f3rias Associativas Nebulosas Implicativas Baseadas Em Normas Triangulares Arquimedianas - Learning and NonLinear Models\",\"isPartOf\":{\"@id\":\"https:\/\/sbia.org.br\/lnlm\/#website\"},\"datePublished\":\"2016-07-14T17:30:34+00:00\",\"breadcrumb\":{\"@id\":\"https:\/\/sbia.org.br\/lnlm\/publicacoes\/vol4-no1\/vol4-no1-art2\/#breadcrumb\"},\"inLanguage\":\"pt-BR\",\"potentialAction\":[{\"@type\":\"ReadAction\",\"target\":[\"https:\/\/sbia.org.br\/lnlm\/publicacoes\/vol4-no1\/vol4-no1-art2\/\"]}]},{\"@type\":\"BreadcrumbList\",\"@id\":\"https:\/\/sbia.org.br\/lnlm\/publicacoes\/vol4-no1\/vol4-no1-art2\/#breadcrumb\",\"itemListElement\":[{\"@type\":\"ListItem\",\"position\":1,\"name\":\"Browse issues\",\"item\":\"https:\/\/sbia.org.br\/lnlm\/publicacoes\/\"},{\"@type\":\"ListItem\",\"position\":2,\"name\":\"Learning &#038; Nonlinear Models &#8211; L&#038;NLM &#8211; Volume 4 &#8211; N\u00famero 1\",\"item\":\"https:\/\/sbia.org.br\/lnlm\/publicacoes\/vol4-no1\/\"},{\"@type\":\"ListItem\",\"position\":3,\"name\":\"Mem\u00f3rias Associativas Nebulosas Implicativas Baseadas Em Normas Triangulares Arquimedianas\"}]},{\"@type\":\"WebSite\",\"@id\":\"https:\/\/sbia.org.br\/lnlm\/#website\",\"url\":\"https:\/\/sbia.org.br\/lnlm\/\",\"name\":\"Learning and NonLinear Models\",\"description\":\"\",\"publisher\":{\"@id\":\"https:\/\/sbia.org.br\/lnlm\/#organization\"},\"potentialAction\":[{\"@type\":\"SearchAction\",\"target\":{\"@type\":\"EntryPoint\",\"urlTemplate\":\"https:\/\/sbia.org.br\/lnlm\/?s={search_term_string}\"},\"query-input\":{\"@type\":\"PropertyValueSpecification\",\"valueRequired\":true,\"valueName\":\"search_term_string\"}}],\"inLanguage\":\"pt-BR\"},{\"@type\":\"Organization\",\"@id\":\"https:\/\/sbia.org.br\/lnlm\/#organization\",\"name\":\"Learning and NonLinear Models\",\"url\":\"https:\/\/sbia.org.br\/lnlm\/\",\"logo\":{\"@type\":\"ImageObject\",\"inLanguage\":\"pt-BR\",\"@id\":\"https:\/\/sbia.org.br\/lnlm\/#\/schema\/logo\/image\/\",\"url\":\"https:\/\/sbia.org.br\/lnlm\/wp-content\/uploads\/2021\/07\/logo-lnlm.png\",\"contentUrl\":\"https:\/\/sbia.org.br\/lnlm\/wp-content\/uploads\/2021\/07\/logo-lnlm.png\",\"width\":398,\"height\":94,\"caption\":\"Learning and NonLinear Models\"},\"image\":{\"@id\":\"https:\/\/sbia.org.br\/lnlm\/#\/schema\/logo\/image\/\"}}]}<\/script>\n<!-- \/ Yoast SEO plugin. -->","yoast_head_json":{"title":"Mem\u00f3rias Associativas Nebulosas Implicativas Baseadas Em Normas Triangulares Arquimedianas - Learning and NonLinear Models","robots":{"index":"index","follow":"follow","max-snippet":"max-snippet:-1","max-image-preview":"max-image-preview:large","max-video-preview":"max-video-preview:-1"},"canonical":"https:\/\/sbia.org.br\/lnlm\/publicacoes\/vol4-no1\/vol4-no1-art2\/","og_locale":"pt_BR","og_type":"article","og_title":"Mem\u00f3rias Associativas Nebulosas Implicativas Baseadas Em Normas Triangulares Arquimedianas - Learning and NonLinear Models","og_description":"T\u00edtulo: Mem\u00f3rias Associativas Nebulosas Implicativas Baseadas Em Normas Triangulares Arquimedianas Autores: Valle, Marcos Eduardo; Sussner, Peter Resumo: Mem\u00f3rias Associativas (AMs) s\u00e3o projetadas para armazenar associa\u00e7\u00f5es e recordar uma sa\u00edda desejada mesmo ap\u00f3s a apresenta\u00e7\u00e3o de uma vers\u00e3o incompleta ou distorcida Read More ...","og_url":"https:\/\/sbia.org.br\/lnlm\/publicacoes\/vol4-no1\/vol4-no1-art2\/","og_site_name":"Learning and NonLinear Models","twitter_card":"summary_large_image","twitter_misc":{"Est. tempo de leitura":"1 minuto"},"schema":{"@context":"https:\/\/schema.org","@graph":[{"@type":"WebPage","@id":"https:\/\/sbia.org.br\/lnlm\/publicacoes\/vol4-no1\/vol4-no1-art2\/","url":"https:\/\/sbia.org.br\/lnlm\/publicacoes\/vol4-no1\/vol4-no1-art2\/","name":"Mem\u00f3rias Associativas Nebulosas Implicativas Baseadas Em Normas Triangulares Arquimedianas - Learning and NonLinear Models","isPartOf":{"@id":"https:\/\/sbia.org.br\/lnlm\/#website"},"datePublished":"2016-07-14T17:30:34+00:00","breadcrumb":{"@id":"https:\/\/sbia.org.br\/lnlm\/publicacoes\/vol4-no1\/vol4-no1-art2\/#breadcrumb"},"inLanguage":"pt-BR","potentialAction":[{"@type":"ReadAction","target":["https:\/\/sbia.org.br\/lnlm\/publicacoes\/vol4-no1\/vol4-no1-art2\/"]}]},{"@type":"BreadcrumbList","@id":"https:\/\/sbia.org.br\/lnlm\/publicacoes\/vol4-no1\/vol4-no1-art2\/#breadcrumb","itemListElement":[{"@type":"ListItem","position":1,"name":"Browse issues","item":"https:\/\/sbia.org.br\/lnlm\/publicacoes\/"},{"@type":"ListItem","position":2,"name":"Learning &#038; Nonlinear Models &#8211; L&#038;NLM &#8211; Volume 4 &#8211; N\u00famero 1","item":"https:\/\/sbia.org.br\/lnlm\/publicacoes\/vol4-no1\/"},{"@type":"ListItem","position":3,"name":"Mem\u00f3rias Associativas Nebulosas Implicativas Baseadas Em Normas Triangulares Arquimedianas"}]},{"@type":"WebSite","@id":"https:\/\/sbia.org.br\/lnlm\/#website","url":"https:\/\/sbia.org.br\/lnlm\/","name":"Learning and NonLinear Models","description":"","publisher":{"@id":"https:\/\/sbia.org.br\/lnlm\/#organization"},"potentialAction":[{"@type":"SearchAction","target":{"@type":"EntryPoint","urlTemplate":"https:\/\/sbia.org.br\/lnlm\/?s={search_term_string}"},"query-input":{"@type":"PropertyValueSpecification","valueRequired":true,"valueName":"search_term_string"}}],"inLanguage":"pt-BR"},{"@type":"Organization","@id":"https:\/\/sbia.org.br\/lnlm\/#organization","name":"Learning and NonLinear Models","url":"https:\/\/sbia.org.br\/lnlm\/","logo":{"@type":"ImageObject","inLanguage":"pt-BR","@id":"https:\/\/sbia.org.br\/lnlm\/#\/schema\/logo\/image\/","url":"https:\/\/sbia.org.br\/lnlm\/wp-content\/uploads\/2021\/07\/logo-lnlm.png","contentUrl":"https:\/\/sbia.org.br\/lnlm\/wp-content\/uploads\/2021\/07\/logo-lnlm.png","width":398,"height":94,"caption":"Learning and NonLinear Models"},"image":{"@id":"https:\/\/sbia.org.br\/lnlm\/#\/schema\/logo\/image\/"}}]}},"_links":{"self":[{"href":"https:\/\/sbia.org.br\/lnlm\/wp-json\/wp\/v2\/pages\/351","targetHints":{"allow":["GET"]}}],"collection":[{"href":"https:\/\/sbia.org.br\/lnlm\/wp-json\/wp\/v2\/pages"}],"about":[{"href":"https:\/\/sbia.org.br\/lnlm\/wp-json\/wp\/v2\/types\/page"}],"author":[{"embeddable":true,"href":"https:\/\/sbia.org.br\/lnlm\/wp-json\/wp\/v2\/users\/1"}],"replies":[{"embeddable":true,"href":"https:\/\/sbia.org.br\/lnlm\/wp-json\/wp\/v2\/comments?post=351"}],"version-history":[{"count":0,"href":"https:\/\/sbia.org.br\/lnlm\/wp-json\/wp\/v2\/pages\/351\/revisions"}],"up":[{"embeddable":true,"href":"https:\/\/sbia.org.br\/lnlm\/wp-json\/wp\/v2\/pages\/316"}],"wp:attachment":[{"href":"https:\/\/sbia.org.br\/lnlm\/wp-json\/wp\/v2\/media?parent=351"}],"curies":[{"name":"wp","href":"https:\/\/api.w.org\/{rel}","templated":true}]}}