{"id":237,"date":"2016-07-13T13:59:01","date_gmt":"2016-07-13T16:59:01","guid":{"rendered":"https:\/\/sbia.org.br\/lnlm\/?page_id=237"},"modified":"2016-07-13T13:59:01","modified_gmt":"2016-07-13T16:59:01","slug":"vol1-no1-art5","status":"publish","type":"page","link":"https:\/\/sbia.org.br\/lnlm\/publicacoes\/vol1-no1\/vol1-no1-art5\/","title":{"rendered":"Rede Neural ARTMAP Nebulosa para An\u00e1lise de Estabilidade Transit\u00f3ria de Sistemas de Energia El\u00e9trica"},"content":{"rendered":"<p><strong>T\u00edtulo:<\/strong> Rede Neural ARTMAP Nebulosa para An\u00e1lise de Estabilidade Transit\u00f3ria de Sistemas de Energia El\u00e9trica<\/p>\n<p><strong>Autores:<\/strong> Marchiori, Sandra C.; Minussi, Carlos R.; Lotufo, Anna Diva P.<\/p>\n<p align=\"justify\"><strong>Resumo:<\/strong> Este trabalho tem por objetivo o desenvolvimento de uma metodologia para a an\u00e1lise de estabilidade transit\u00f3ria de Sistemas de Energia El\u00e9trica usando redes neurais artificiais baseadas na arquitetura ARTMAP nebulosa. Esta arquitetura busca explorar a similaridade entre os conceitos computacionais da teoria de conjuntos nebulosos e a rede neural ART (Adaptive Resonance Theory). As arquiteturas ART apresentam as caracter\u00edsticas de estabilidade e plasticidade, as quais s\u00e3o qualidades imprescind\u00edveis para a realiza\u00e7\u00e3o do treinamento e execu\u00e7\u00e3o da an\u00e1lise. Visa-se, deste modo, empregar um treinamento mais r\u00e1pido, se comparado com a formula\u00e7\u00e3o convencional do algoritmo Backpropagation, conseq\u00fcentemente tornando a an\u00e1lise mais competitiva em compara\u00e7\u00e3o aos principais m\u00e9todos encontrados na literatura especializada. Como ilustra\u00e7\u00e3o da metodologia s\u00e3o apresentados os resultados da an\u00e1lise de estabilidade transit\u00f3ria, atrav\u00e9s da rede neural ARTMAP Nebulosa, considerando-se um sistema el\u00e9trico de pot\u00eancia correspondente a uma poss\u00edvel configura\u00e7\u00e3o do sistema da regi\u00e3o sul do Brasil composto por 45 barras, 72 linhas de transmiss\u00e3o e 10 m\u00e1quinas s\u00edncronas.<\/p>\n<p><strong>Palavras-chave:<\/strong> Redes neurais; ARTMAP; l\u00f3gica nebulosa; sistemas de energia el\u00e9trica; an\u00e1lise de estabilidade transit\u00f3ria<\/p>\n<p><strong>P\u00e1ginas:<\/strong> 17<\/p>\n<p><strong>C\u00f3digo DOI:<\/strong> <a href=\"http:\/\/dx.doi.org\/10.21528\/lnlm-vol1-no1-art5\">10.21528\/lmln-vol1-no1-art5<\/a><\/p>\n<p><strong>Artigo em PDF:<\/strong> <a href=\"https:\/\/sbia.org.br\/lnlm\/wp-content\/uploads\/sites\/4\/2016\/07\/vol1-no1-art5.pdf\" rel=\"\">vol1-no1-art5.pdf<\/a><\/p>\n<p><strong>Arquivo BibTex:<\/strong> <a href=\"https:\/\/sbia.org.br\/lnlm\/wp-content\/uploads\/sites\/4\/2016\/07\/vol1-no1-art5.bib\" rel=\"\">vol1-no1-art5.bib<\/a><\/p>\n","protected":false},"excerpt":{"rendered":"<p>T\u00edtulo: Rede Neural ARTMAP Nebulosa para An\u00e1lise de Estabilidade Transit\u00f3ria de Sistemas de Energia El\u00e9trica Autores: Marchiori, Sandra C.; Minussi, Carlos R.; Lotufo, Anna Diva P. Resumo: Este trabalho tem por objetivo o desenvolvimento de uma metodologia para a an\u00e1lise <a href=\"https:\/\/sbia.org.br\/lnlm\/publicacoes\/vol1-no1\/vol1-no1-art5\/\" class=\"read-more\">Read More &#8230;<\/a><\/p>\n","protected":false},"author":1,"featured_media":0,"parent":30,"menu_order":0,"comment_status":"closed","ping_status":"closed","template":"","meta":{"footnotes":""},"class_list":["post-237","page","type-page","status-publish","hentry"],"yoast_head":"<!-- This site is optimized with the Yoast SEO plugin v26.9 - https:\/\/yoast.com\/product\/yoast-seo-wordpress\/ -->\n<title>Rede Neural ARTMAP Nebulosa para An\u00e1lise de Estabilidade Transit\u00f3ria de Sistemas de Energia El\u00e9trica - Learning and NonLinear Models<\/title>\n<meta name=\"robots\" content=\"index, follow, max-snippet:-1, max-image-preview:large, max-video-preview:-1\" \/>\n<link rel=\"canonical\" href=\"https:\/\/sbia.org.br\/lnlm\/publicacoes\/vol1-no1\/vol1-no1-art5\/\" \/>\n<meta property=\"og:locale\" content=\"pt_BR\" \/>\n<meta property=\"og:type\" content=\"article\" \/>\n<meta property=\"og:title\" content=\"Rede Neural ARTMAP Nebulosa para An\u00e1lise de Estabilidade Transit\u00f3ria de Sistemas de Energia El\u00e9trica - Learning and NonLinear Models\" \/>\n<meta property=\"og:description\" content=\"T\u00edtulo: Rede Neural ARTMAP Nebulosa para An\u00e1lise de Estabilidade Transit\u00f3ria de Sistemas de Energia El\u00e9trica Autores: Marchiori, Sandra C.; Minussi, Carlos R.; Lotufo, Anna Diva P. Resumo: Este trabalho tem por objetivo o desenvolvimento de uma metodologia para a an\u00e1lise Read More ...\" \/>\n<meta property=\"og:url\" content=\"https:\/\/sbia.org.br\/lnlm\/publicacoes\/vol1-no1\/vol1-no1-art5\/\" \/>\n<meta property=\"og:site_name\" content=\"Learning and NonLinear Models\" \/>\n<meta name=\"twitter:card\" content=\"summary_large_image\" \/>\n<meta name=\"twitter:label1\" content=\"Est. tempo de leitura\" \/>\n\t<meta name=\"twitter:data1\" content=\"1 minuto\" \/>\n<script type=\"application\/ld+json\" class=\"yoast-schema-graph\">{\"@context\":\"https:\/\/schema.org\",\"@graph\":[{\"@type\":\"WebPage\",\"@id\":\"https:\/\/sbia.org.br\/lnlm\/publicacoes\/vol1-no1\/vol1-no1-art5\/\",\"url\":\"https:\/\/sbia.org.br\/lnlm\/publicacoes\/vol1-no1\/vol1-no1-art5\/\",\"name\":\"Rede Neural ARTMAP Nebulosa para An\u00e1lise de Estabilidade Transit\u00f3ria de Sistemas de Energia El\u00e9trica - Learning and NonLinear Models\",\"isPartOf\":{\"@id\":\"https:\/\/sbia.org.br\/lnlm\/#website\"},\"datePublished\":\"2016-07-13T16:59:01+00:00\",\"breadcrumb\":{\"@id\":\"https:\/\/sbia.org.br\/lnlm\/publicacoes\/vol1-no1\/vol1-no1-art5\/#breadcrumb\"},\"inLanguage\":\"pt-BR\",\"potentialAction\":[{\"@type\":\"ReadAction\",\"target\":[\"https:\/\/sbia.org.br\/lnlm\/publicacoes\/vol1-no1\/vol1-no1-art5\/\"]}]},{\"@type\":\"BreadcrumbList\",\"@id\":\"https:\/\/sbia.org.br\/lnlm\/publicacoes\/vol1-no1\/vol1-no1-art5\/#breadcrumb\",\"itemListElement\":[{\"@type\":\"ListItem\",\"position\":1,\"name\":\"Browse issues\",\"item\":\"https:\/\/sbia.org.br\/lnlm\/publicacoes\/\"},{\"@type\":\"ListItem\",\"position\":2,\"name\":\"Learning &#038; Nonlinear Models &#8211; L&#038;NLM &#8211; Volume 1 &#8211; N\u00famero 1\",\"item\":\"https:\/\/sbia.org.br\/lnlm\/publicacoes\/vol1-no1\/\"},{\"@type\":\"ListItem\",\"position\":3,\"name\":\"Rede Neural ARTMAP Nebulosa para An\u00e1lise de Estabilidade Transit\u00f3ria de Sistemas de Energia El\u00e9trica\"}]},{\"@type\":\"WebSite\",\"@id\":\"https:\/\/sbia.org.br\/lnlm\/#website\",\"url\":\"https:\/\/sbia.org.br\/lnlm\/\",\"name\":\"Learning and NonLinear Models\",\"description\":\"\",\"publisher\":{\"@id\":\"https:\/\/sbia.org.br\/lnlm\/#organization\"},\"potentialAction\":[{\"@type\":\"SearchAction\",\"target\":{\"@type\":\"EntryPoint\",\"urlTemplate\":\"https:\/\/sbia.org.br\/lnlm\/?s={search_term_string}\"},\"query-input\":{\"@type\":\"PropertyValueSpecification\",\"valueRequired\":true,\"valueName\":\"search_term_string\"}}],\"inLanguage\":\"pt-BR\"},{\"@type\":\"Organization\",\"@id\":\"https:\/\/sbia.org.br\/lnlm\/#organization\",\"name\":\"Learning and NonLinear Models\",\"url\":\"https:\/\/sbia.org.br\/lnlm\/\",\"logo\":{\"@type\":\"ImageObject\",\"inLanguage\":\"pt-BR\",\"@id\":\"https:\/\/sbia.org.br\/lnlm\/#\/schema\/logo\/image\/\",\"url\":\"https:\/\/sbia.org.br\/lnlm\/wp-content\/uploads\/2021\/07\/logo-lnlm.png\",\"contentUrl\":\"https:\/\/sbia.org.br\/lnlm\/wp-content\/uploads\/2021\/07\/logo-lnlm.png\",\"width\":398,\"height\":94,\"caption\":\"Learning and NonLinear Models\"},\"image\":{\"@id\":\"https:\/\/sbia.org.br\/lnlm\/#\/schema\/logo\/image\/\"}}]}<\/script>\n<!-- \/ Yoast SEO plugin. -->","yoast_head_json":{"title":"Rede Neural ARTMAP Nebulosa para An\u00e1lise de Estabilidade Transit\u00f3ria de Sistemas de Energia El\u00e9trica - Learning and NonLinear Models","robots":{"index":"index","follow":"follow","max-snippet":"max-snippet:-1","max-image-preview":"max-image-preview:large","max-video-preview":"max-video-preview:-1"},"canonical":"https:\/\/sbia.org.br\/lnlm\/publicacoes\/vol1-no1\/vol1-no1-art5\/","og_locale":"pt_BR","og_type":"article","og_title":"Rede Neural ARTMAP Nebulosa para An\u00e1lise de Estabilidade Transit\u00f3ria de Sistemas de Energia El\u00e9trica - Learning and NonLinear Models","og_description":"T\u00edtulo: Rede Neural ARTMAP Nebulosa para An\u00e1lise de Estabilidade Transit\u00f3ria de Sistemas de Energia El\u00e9trica Autores: Marchiori, Sandra C.; Minussi, Carlos R.; Lotufo, Anna Diva P. Resumo: Este trabalho tem por objetivo o desenvolvimento de uma metodologia para a an\u00e1lise Read More ...","og_url":"https:\/\/sbia.org.br\/lnlm\/publicacoes\/vol1-no1\/vol1-no1-art5\/","og_site_name":"Learning and NonLinear Models","twitter_card":"summary_large_image","twitter_misc":{"Est. tempo de leitura":"1 minuto"},"schema":{"@context":"https:\/\/schema.org","@graph":[{"@type":"WebPage","@id":"https:\/\/sbia.org.br\/lnlm\/publicacoes\/vol1-no1\/vol1-no1-art5\/","url":"https:\/\/sbia.org.br\/lnlm\/publicacoes\/vol1-no1\/vol1-no1-art5\/","name":"Rede Neural ARTMAP Nebulosa para An\u00e1lise de Estabilidade Transit\u00f3ria de Sistemas de Energia El\u00e9trica - Learning and NonLinear Models","isPartOf":{"@id":"https:\/\/sbia.org.br\/lnlm\/#website"},"datePublished":"2016-07-13T16:59:01+00:00","breadcrumb":{"@id":"https:\/\/sbia.org.br\/lnlm\/publicacoes\/vol1-no1\/vol1-no1-art5\/#breadcrumb"},"inLanguage":"pt-BR","potentialAction":[{"@type":"ReadAction","target":["https:\/\/sbia.org.br\/lnlm\/publicacoes\/vol1-no1\/vol1-no1-art5\/"]}]},{"@type":"BreadcrumbList","@id":"https:\/\/sbia.org.br\/lnlm\/publicacoes\/vol1-no1\/vol1-no1-art5\/#breadcrumb","itemListElement":[{"@type":"ListItem","position":1,"name":"Browse issues","item":"https:\/\/sbia.org.br\/lnlm\/publicacoes\/"},{"@type":"ListItem","position":2,"name":"Learning &#038; Nonlinear Models &#8211; L&#038;NLM &#8211; Volume 1 &#8211; N\u00famero 1","item":"https:\/\/sbia.org.br\/lnlm\/publicacoes\/vol1-no1\/"},{"@type":"ListItem","position":3,"name":"Rede Neural ARTMAP Nebulosa para An\u00e1lise de Estabilidade Transit\u00f3ria de Sistemas de Energia El\u00e9trica"}]},{"@type":"WebSite","@id":"https:\/\/sbia.org.br\/lnlm\/#website","url":"https:\/\/sbia.org.br\/lnlm\/","name":"Learning and NonLinear Models","description":"","publisher":{"@id":"https:\/\/sbia.org.br\/lnlm\/#organization"},"potentialAction":[{"@type":"SearchAction","target":{"@type":"EntryPoint","urlTemplate":"https:\/\/sbia.org.br\/lnlm\/?s={search_term_string}"},"query-input":{"@type":"PropertyValueSpecification","valueRequired":true,"valueName":"search_term_string"}}],"inLanguage":"pt-BR"},{"@type":"Organization","@id":"https:\/\/sbia.org.br\/lnlm\/#organization","name":"Learning and NonLinear Models","url":"https:\/\/sbia.org.br\/lnlm\/","logo":{"@type":"ImageObject","inLanguage":"pt-BR","@id":"https:\/\/sbia.org.br\/lnlm\/#\/schema\/logo\/image\/","url":"https:\/\/sbia.org.br\/lnlm\/wp-content\/uploads\/2021\/07\/logo-lnlm.png","contentUrl":"https:\/\/sbia.org.br\/lnlm\/wp-content\/uploads\/2021\/07\/logo-lnlm.png","width":398,"height":94,"caption":"Learning and NonLinear Models"},"image":{"@id":"https:\/\/sbia.org.br\/lnlm\/#\/schema\/logo\/image\/"}}]}},"_links":{"self":[{"href":"https:\/\/sbia.org.br\/lnlm\/wp-json\/wp\/v2\/pages\/237","targetHints":{"allow":["GET"]}}],"collection":[{"href":"https:\/\/sbia.org.br\/lnlm\/wp-json\/wp\/v2\/pages"}],"about":[{"href":"https:\/\/sbia.org.br\/lnlm\/wp-json\/wp\/v2\/types\/page"}],"author":[{"embeddable":true,"href":"https:\/\/sbia.org.br\/lnlm\/wp-json\/wp\/v2\/users\/1"}],"replies":[{"embeddable":true,"href":"https:\/\/sbia.org.br\/lnlm\/wp-json\/wp\/v2\/comments?post=237"}],"version-history":[{"count":0,"href":"https:\/\/sbia.org.br\/lnlm\/wp-json\/wp\/v2\/pages\/237\/revisions"}],"up":[{"embeddable":true,"href":"https:\/\/sbia.org.br\/lnlm\/wp-json\/wp\/v2\/pages\/30"}],"wp:attachment":[{"href":"https:\/\/sbia.org.br\/lnlm\/wp-json\/wp\/v2\/media?parent=237"}],"curies":[{"name":"wp","href":"https:\/\/api.w.org\/{rel}","templated":true}]}}